NOAA-style Climate Reports

   V/Λ SELECT: Month and Year   OR  >   Month
                   Monthly Climatological Summary for Nov 2022

Name: OFallon Weather   City: OFallon   State: MO
Elevation: 532 ft  Lat: N 38° 50' 20"   Lon: W 090° 43' 42"

                  Temperature (°F), Rain (in), Wind Speed (mph)

                                      Heat  Cool        Avg
    Mean                              Deg   Deg         Wind                 Dom
Day Temp  High   Time   Low    Time   Days  Days  Rain  Speed High   Time    Dir
----------------------------------------------------------------------------------
01  55.7  75.6   15:41  40.5   07:23  11.5   2.2  0.00   1.0  13.0   15:19    SW
02  57.8  76.6   15:09  42.4   07:43   9.6   2.4  0.00   1.8  12.0   11:46   SSW
03  66.1  77.9   15:34  52.2   06:56   3.3   4.4  0.00   5.3  28.0   14:06     S
04  71.4  81.6   15:05  64.9   04:47   0.0   6.4  0.43   8.0  34.0   19:52     S
05  54.4  65.8   00:00  46.9   23:59  10.7   0.0  0.60   8.2  39.0   08:24    SW
06  55.7  72.5   15:10  43.0   06:52  10.8   1.0  0.00   3.4  13.0   08:11    SW
07  51.3  59.5   13:11  43.0   04:34  13.7   0.0  0.00   3.3  17.0   08:12   ENE
08  53.8  62.3   13:27  44.7   02:04  11.2   0.0  0.00   2.8  15.0   10:54   ESE
09  67.0  83.2   14:47  49.9   06:45   4.4   6.4  0.00   3.3  14.0   09:56     S
10  67.4  77.2   14:27  58.7   23:59   1.1   3.5  0.00   4.7  21.0   08:52     S
11  38.8  58.7   00:00  28.3   21:55  26.2   0.0  0.00   6.7  20.0   06:50    NW
12  29.5  30.3   21:01  28.6   00:23  35.5   0.0  0.00   6.1  19.0   11:38    NW
13  32.2  40.4   14:24  24.7   23:54  32.8   0.0  0.00   2.4  11.0   04:21     W
14  32.9  43.2   14:19  20.6   05:23  32.1   0.0  0.01   2.3  15.0   09:46    SE
15  34.5  37.0   12:51  32.6   01:23  30.5   0.0  0.24   3.3  21.0   21:06   WNW
16  30.5  33.6   11:05  27.0   06:55  34.5   0.0  0.00   7.4  25.0   12:14   WNW
17  32.7  43.3   14:58  22.2   06:52  32.3   0.0  0.00   5.6  24.0   21:50     W
18  25.6  31.4   14:33  21.2   22:49  39.4   0.0  0.00   6.2  25.0   08:52     W
19  26.6  36.6   12:46  19.9   04:13  38.4   0.0  0.00   6.7  26.0   13:20     W
20  30.4  42.6   15:06  18.1   04:51  34.5   0.0  0.00   3.6  16.0   11:21    SW
21  41.6  57.6   14:19  29.9   01:45  23.4   0.0  0.00   4.0  19.0   11:00    SW
22  44.8  61.5   15:03  32.4   05:20  20.2   0.0  0.00   3.0  17.0   12:54    SW
23  47.5  63.4   13:52  31.7   07:21  17.5   0.0  0.00   2.1  14.0   13:47     S
24  48.5  53.0   13:39  44.8   07:03  16.5   0.0  0.27   0.7  11.0   12:15   SSW
25  42.0  52.8   14:30  30.5   23:59  23.0   0.0  0.00   1.9  11.0   03:11   NNW
26  40.2  53.5   13:10  24.6   07:27  24.8   0.0  0.39   2.7  14.0   12:45    SE
27  44.9  50.5   14:29  42.7   10:38  20.1   0.0  0.39   4.8  21.0   13:08    NW
28  44.7  51.7   14:53  41.5   06:45  20.3   0.0  0.00   3.1  12.0   12:25   SSW
29  50.1  64.8   12:19  32.8   23:55  14.9   0.0  0.00   8.0  29.0   12:00    SW
30  29.9  37.9   13:57  23.9   23:58  35.1   0.0  0.00   6.9  28.0   00:38   WNW
----------------------------------------------------------------------------------
    45.0  83.2     9    18.1    20   628.3  26.3  2.33   4.3  39.0     5     WSW

Max >=  90.0  0
Max <=  32.0  2
Min <=  32.0 14
Min <=   0.0  0
Max Rain: 0.60 on day 5
Days of Rain: 7 (>= 0.01 in)  6 (>= 0.10 in)  0 (>= 1.00 in)
Heat Base: 65.0  Cool Base: 65.0  Method: Integration

Powered by Davis Vantage Pro2  and   CumulusMX   v 3.23.1 (b3221)   MXUI Template v 2.2.5 by  Silver Acorn     Valid HTML5

USA Weather Finder