NOAA-style Climate Reports

   V/Λ SELECT: Month and Year   OR  >   Month
                   Monthly Climatological Summary for Jun 2024

Name: OFallon Weather   City: OFallon   State: MO
Elevation: 532 ft  Lat: N 38° 50' 20"   Lon: W 090° 43' 42"

                  Temperature (°F), Rain (in), Wind Speed (mph)

                                      Heat  Cool        Avg
    Mean                              Deg   Deg         Wind                 Dom
Day Temp  High   Time   Low    Time   Days  Days  Rain  Speed High   Time    Dir
----------------------------------------------------------------------------------
01  69.0  76.9   15:18  64.5   02:03   0.1   4.1  0.06   3.1  17.0   14:44    SW
02  72.1  83.6   16:45  60.3   04:53   0.9   7.9  0.01   1.3   9.0   12:45   ENE
03  76.6  88.6   16:15  65.2   05:42   0.0  11.6  0.00   3.7  18.0   11:09     S
04  76.0  84.6   15:35  69.0   04:26   0.0  11.0  0.12   4.1  19.0   17:22     S
05  73.5  82.6   15:34  66.0   23:58   0.0   8.5  0.04   2.8  18.0   05:00     W
06  73.2  84.0   15:39  59.5   05:35   0.6   8.8  0.00   5.0  24.0   14:18   WNW
07  74.8  89.2   16:38  55.9   06:15   1.1  10.9  0.00   2.8  14.0   12:42   WNW
08  75.7  88.3   17:20  66.1   07:58   0.0  10.7  0.37   2.7  18.0   07:54   SSW
09  69.8  81.5   17:41  62.3   07:52   0.6   5.4  0.00   2.6  17.0   01:47   NNW
10  67.8  77.7   17:13  56.3   06:00   2.0   4.7  0.00   2.7  17.0   11:27     N
11  68.9  83.3   17:21  52.2   05:57   3.1   7.0  0.00   1.6  12.0   09:01    SW
12  77.2  89.5   16:45  63.7   06:04   0.1  12.3  0.00   3.3  13.0   14:35   SSW
13  80.6  92.5   16:29  68.2   04:35   0.0  15.6  0.03   4.7  19.0   17:01   SSW
14  80.3  89.9   16:36  66.3   23:55   0.0  15.3  0.00   3.2  18.0   00:04     N
15  78.3  91.5   17:03  60.3   06:02   0.6  13.9  0.00   2.3  14.0   19:05   SSE
----------------------------------------------------------------------------------
    74.3  92.5    13    52.2    11     9.1 147.7  0.63   3.1  24.0     6     WSW

Max >=  90.0  2
Max <=  32.0  0
Min <=  32.0  0
Min <=   0.0  0
Max Rain: 0.37 on day 8
Days of Rain: 6 (>= 0.01 in)  2 (>= 0.10 in)  0 (>= 1.00 in)
Heat Base: 65.0  Cool Base: 65.0  Method: Integration

Powered by Davis Vantage Pro2  and   CumulusMX   v 3.28.6 (b3283)   MXUI Template v 2.2.6 by  Silver Acorn     Valid HTML5 USA Weather Finder Badge