NOAA-style Climate Reports

   V/Λ SELECT: Month and Year   OR  >   Month
                   Monthly Climatological Summary for Aug 2022

Name: OFallon Weather   City: OFallon   State: MO
Elevation: 532 ft  Lat: N 38° 50' 20"   Lon: W 090° 43' 42"

                  Temperature (°F), Rain (in), Wind Speed (mph)

                                      Heat  Cool        Avg
    Mean                              Deg   Deg         Wind                 Dom
Day Temp  High   Time   Low    Time   Days  Days  Rain  Speed High   Time    Dir
----------------------------------------------------------------------------------
01  84.8  96.6   17:13  75.6   05:14   0.0  19.8  0.00   3.7  16.0   13:15   WSW
02  82.4  89.3   11:44  77.5   06:36   0.0  17.4  0.00   4.4  26.0   13:50   SSE
03  81.0  96.8   14:36  71.7   23:13   0.0  16.0  1.30   4.7  30.0   15:35   SSW
04  78.5  90.8   16:46  71.2   01:54   0.0  13.5  0.00   2.6  14.0   17:07    SW
05  80.8  88.8   16:49  71.5   06:27   0.0  15.8  0.00   2.2  14.0   12:36   ESE
06  84.6  94.2   16:04  75.3   06:13   0.0  19.6  0.00   3.9  15.0   13:15     S
07  85.1  96.3   16:50  76.3   06:33   0.0  20.1  0.00   3.7  13.0   09:20    SW
08  81.6  87.8   14:30  75.7   23:53   0.0  16.6  0.00   2.8  14.0   07:58    SW
09  73.6  81.1   17:01  68.6   23:56   0.0   8.6  0.00   2.3  13.0   02:35   NNE
10  72.9  82.8   17:03  65.0   23:58   0.0   7.9  0.00   1.8  11.0   13:34    NE
11  73.6  85.6   16:54  61.0   06:54   0.7   9.3  0.00   1.3  10.0   13:09   NNE
12  73.4  82.6   16:19  64.5   06:45   0.0   8.4  0.00   2.8  14.0   00:40     E
13  74.5  87.1   16:05  61.1   06:26   0.8  10.3  0.00   3.2  15.0   17:09     S
14  76.1  83.1   16:44  68.5   23:57   0.0  11.1  0.00   3.2  14.0   17:03   WNW
15  71.4  79.2   15:19  66.0   06:49   0.0   6.4  0.00   2.1  12.0   08:03    NE
16  70.8  79.2   16:33  66.5   08:20   0.0   5.8  0.62   1.3  10.0   16:46     N
17  71.8  82.8   15:34  61.3   06:41   0.5   7.3  0.00   2.0  14.0   12:34    NE
18  72.1  84.8   16:02  60.3   06:27   1.0   8.1  0.00   1.2   8.0   11:03   NNW
19  75.1  85.8   17:06  62.8   05:23   0.2  10.4  0.00   3.1  11.0   12:04   SSW
20  77.3  86.6   16:21  70.3   06:30   0.0  12.3  0.00   3.6  17.0   12:58    SW
21  71.7  80.6   16:23  62.9   06:36   0.1   6.8  0.00   3.2  14.0   11:39   NNW
22  73.0  85.4   16:25  62.6   06:32   0.2   8.3  0.00   1.5   9.0   15:51     N
23  72.8  84.8   16:36  61.8   06:17   0.4   8.2  0.00   1.1  10.0   14:59   ENE
24  73.7  86.5   16:28  62.5   06:07   0.3   9.1  0.00   1.2   9.0   10:33     E
25  75.5  89.9   16:00  62.6   06:46   0.2  10.8  0.00   2.1  14.0   12:58   WSW
26  76.7  88.1   15:58  67.5   06:52   0.0  11.7  0.00   1.7  12.0   14:57     N
27  77.2  89.1   15:44  65.5   06:57   0.0  12.2  0.01   2.1  11.0   17:38    SE
28  76.6  89.6   14:01  70.4   04:52   0.0  11.6  0.44   3.3  23.0   12:31     S
29  79.6  92.7   15:39  71.7   00:00   0.0  14.6  0.00   4.1  17.0   10:22    SW
30  75.9  86.9   16:53  65.2   23:13   0.0  10.9  0.00   2.7  17.0   13:06    NW
31  70.6  85.1   16:52  57.0   06:39   1.5   7.0  0.00   1.3   9.0   12:52     W
----------------------------------------------------------------------------------
    76.3  96.8     3    57.0    31     5.9 355.9  2.37   2.6  30.0     3      SW

Max >=  90.0  6
Max <=  32.0  0
Min <=  32.0  0
Min <=   0.0  0
Max Rain: 1.30 on day 3
Days of Rain: 4 (>= 0.01 in)  3 (>= 0.10 in)  1 (>= 1.00 in)
Heat Base: 65.0  Cool Base: 65.0  Method: Integration

Powered by Davis Vantage Pro2  and   CumulusMX   v 3.23.1 (b3221)   MXUI Template v 2.2.5 by  Silver Acorn     Valid HTML5

USA Weather Finder