NOAA-style Climate Reports

   V/Λ SELECT: Month and Year   OR  >   Month
                   Monthly Climatological Summary for Jul 2022

Name: OFallon Weather   City: OFallon   State: MO
Elevation: 532 ft  Lat: N 38° 50' 20"   Lon: W 090° 43' 42"

                  Temperature (°F), Rain (in), Wind Speed (mph)

                                      Heat  Cool        Avg
    Mean                              Deg   Deg         Wind                 Dom
Day Temp  High   Time   Low    Time   Days  Days  Rain  Speed High   Time    Dir
----------------------------------------------------------------------------------
01  82.2  96.4   16:36  72.0   23:59   0.0  17.2  0.25   3.1  14.0   16:40   WSW
02  73.1  77.2   11:27  68.4   06:21   0.0   8.1  0.75   1.9  10.0   08:32     E
03  78.7  88.9   16:42  69.1   04:59   0.0  13.7  0.00   2.1  13.0   13:34   ESE
04  84.8  94.7   16:05  72.3   06:06   0.0  19.8  0.00   3.6  15.0   13:36     S
05  89.9  99.7   16:51  80.5   06:05   0.0  24.9  0.00   3.4  15.0   13:53    SW
06  82.7  90.8   17:28  74.0   06:42   0.0  17.6  0.28   2.6  15.0   02:53    NW
07  80.5  90.2   18:21  73.9   05:41   0.0  15.5  0.08   2.8  14.0   13:34   ESE
08  82.3  93.9   16:18  74.3   07:53   0.0  17.2  0.14   2.5  12.0   17:03   WNW
09  75.1  83.9   17:26  69.9   07:54   0.0  10.1  0.10   3.5  15.0   16:18   NNE
10  76.2  87.2   17:05  64.3   06:24   0.0  11.2  0.00   1.5   9.0   11:33   ENE
11  83.6  99.3   16:34  67.9   06:09   0.0  18.6  0.00   3.1  12.0   16:33   WSW
12  78.8  87.9   16:44  67.0   23:57   0.0  13.8  0.00   3.0  18.0   00:31   NNW
13  77.8  93.3   16:37  62.2   06:03   0.3  13.1  0.00   1.7  12.0   11:13   WNW
14  81.0  96.3   16:47  64.7   06:11   0.0  16.0  0.01   1.9  11.0   11:27   WSW
15  80.5  91.3   18:36  70.8   03:40   0.0  15.5  0.00   3.5  16.0   16:29     S
16  87.2  99.0   14:44  79.3   06:13   0.0  22.2  0.00   5.0  23.0   10:31   WSW
17  75.1  79.7   00:00  70.4   23:56   0.0  10.1  0.54   1.0  12.0   05:59    NW
18  78.1  90.0   16:25  67.5   05:54   0.0  13.1  0.01   1.7  10.0   11:43     N
19  82.5  94.1   17:03  70.1   05:53   0.0  17.5  0.00   3.1  14.0   12:00     S
20  84.4  97.0   15:07  73.2   23:19   0.0  19.4  0.00   3.4  20.0   15:07   WNW
21  83.2  97.9   16:58  67.0   05:53   0.0  18.2  0.00   2.2  13.0   15:31   WNW
22  84.0 102.9   16:43  68.0   06:14   0.0  19.0  0.00   2.4  11.0   17:23    SE
23  90.7 103.3   15:50  79.2   06:28   0.0  25.7  0.00   5.2  21.0   15:49   SSW
24  86.0  99.7   15:26  74.4   06:35   0.0  21.0  0.00   5.4  21.0   11:44   WSW
25  72.6  78.3   14:54  65.3   23:56   0.0   7.6  0.23   1.6  12.0   23:51   NNE
26  67.6  76.4   19:22  58.7   03:46   1.7   4.3 10.85   3.0  22.0   06:22    SE
27  74.8  84.7   19:03  69.0   08:33   0.0   9.8  0.98   3.2  17.0   03:01   WSW
28  76.3  87.0   11:32  69.1   04:48   0.0  11.3  0.09   1.6  15.0   13:52   WNW
29  73.0  82.3   14:27  62.7   06:34   0.2   8.2  0.00   1.6  11.0   15:47   NNE
30  72.4  82.3   14:48  61.9   06:13   0.5   7.9  0.00   1.6  10.0   10:08   ESE
31  76.5  85.4   16:48  67.7   05:43   0.0  11.5  0.00   2.7  14.0   11:56     S
----------------------------------------------------------------------------------
    79.7 103.3    23    58.7    26     2.7 459.1 14.31   2.7  23.0    16      SW

Max >=  90.0 18
Max <=  32.0  0
Min <=  32.0  0
Min <=   0.0  0
Max Rain: 10.85 on day 26
Days of Rain: 13 (>= 0.01 in)  9 (>= 0.10 in)  1 (>= 1.00 in)
Heat Base: 65.0  Cool Base: 65.0  Method: Integration

Powered by Davis Vantage Pro2  and   CumulusMX   v 3.23.1 (b3221)   MXUI Template v 2.2.5 by  Silver Acorn     Valid HTML5

USA Weather Finder