NOAA-style Climate Reports

   V/Λ SELECT: Month and Year   OR  >   Month
                   Monthly Climatological Summary for May 2022

Name: OFallon Weather   City: OFallon   State: MO
Elevation: 532 ft  Lat: N 38° 50' 20"   Lon: W 090° 43' 42"

                  Temperature (°F), Rain (in), Wind Speed (mph)

                                      Heat  Cool        Avg
    Mean                              Deg   Deg         Wind                 Dom
Day Temp  High   Time   Low    Time   Days  Days  Rain  Speed High   Time    Dir
----------------------------------------------------------------------------------
01  59.8  71.9   17:00  51.9   06:38   6.4   1.1  0.00   5.7  28.0   12:47     W
02  55.4  65.7   13:20  43.8   05:56   9.6   0.0  0.18   2.8  15.0   18:06    SE
03  56.4  61.6   07:57  50.6   23:38   8.6   0.0  0.93   5.5  42.0   00:59     W
04  53.9  60.5   16:56  49.6   06:38  11.1   0.0  0.02   3.2  14.0   13:14     E
05  54.5  58.8   18:23  52.1   07:28  10.5   0.0  1.95   2.2  13.0   08:32     E
06  54.4  56.8   16:01  52.7   06:44  10.6   0.0  0.49   4.3  18.0   14:20   NNW
07  59.3  71.4   16:02  47.3   06:02   7.1   1.3  0.08   3.0  15.0   00:11   NNE
08  63.6  74.7   17:00  49.4   02:20   4.6   3.1  0.00   5.7  26.0   13:44   SSE
09  75.7  87.9   16:16  63.9   05:37   0.1  10.8  0.00   7.0  24.0   19:04   SSE
10  80.0  89.8   17:28  70.7   06:28   0.0  15.0  0.00   4.0  15.0   11:40     S
11  83.1  93.5   17:06  69.7   05:40   0.0  18.1  0.00   2.8  15.0   16:05     S
12  83.2  93.5   16:33  70.6   05:14   0.0  18.2  0.00   3.0  15.0   12:11     S
13  79.3  90.0   14:48  68.1   05:32   0.0  14.3  0.02   2.9  22.0   23:05     S
14  75.5  89.0   16:28  63.4   04:40   0.2  10.7  0.12   1.6  13.0   00:33     W
15  71.8  83.3   11:35  60.7   23:58   0.1   6.9  0.00   3.2  18.0   20:50     N
16  67.8  82.0   16:39  53.9   03:32   3.3   6.1  0.00   3.7  19.0   13:42    NW
17  72.1  82.6   15:16  56.8   04:37   1.7   8.8  0.02   3.6  19.0   22:43   SSW
18  71.0  83.1   17:10  63.0   06:03   0.3   6.3  0.44   4.9  30.0   02:24    SW
19  68.4  79.8   15:47  59.6   05:52   0.9   4.2  0.33   3.4  24.0   11:37   SSW
20  77.1  87.5   16:21  65.7   00:00   0.0  12.1  0.19   5.5  24.0   13:17   SSW
21  57.2  69.5   00:00  54.2   10:45   7.9   0.1  6.53   3.7  19.0   04:48   NNW
22  55.6  62.8   16:38  47.9   06:08   9.4   0.0  0.00   3.1  13.0   10:43   NNW
23  57.8  67.5   16:07  45.1   06:05   7.5   0.3  0.00   3.0  20.0   11:46     E
24  63.1  69.8   18:51  53.1   04:58   3.8   1.8  0.00   3.9  18.0   11:36   ESE
25  69.1  79.5   16:35  65.3   22:43   0.0   4.1  0.48   4.6  21.0   16:32   SSE
26  63.5  69.6   11:12  56.6   23:33   2.3   0.8  0.10   3.2  17.0   09:04   SSW
27  59.3  68.0   18:02  54.6   23:53   5.9   0.2  0.00   4.0  17.0   10:30   WNW
28  67.3  79.8   15:43  52.6   04:53   3.5   5.8  0.00   4.2  16.0   11:24     S
29  75.2  85.9   15:23  64.2   04:56   0.1  10.2  0.00   7.4  28.0   17:25     S
30  77.8  86.9   15:13  68.5   05:29   0.0  12.8  0.00   6.9  30.0   14:43     S
31  79.4  86.9   14:30  71.0   05:54   0.0  14.4  0.00   5.0  22.0   10:09     S
----------------------------------------------------------------------------------
    67.3  93.5    11    43.8     2   115.5 187.5 11.88   4.1  42.0     3       S

Max >=  90.0  3
Max <=  32.0  0
Min <=  32.0  0
Min <=   0.0  0
Max Rain: 6.53 on day 21
Days of Rain: 15 (>= 0.01 in)  11 (>= 0.10 in)  2 (>= 1.00 in)
Heat Base: 65.0  Cool Base: 65.0  Method: Integration

Powered by Davis Vantage Pro2  and   CumulusMX   v 3.23.1 (b3221)   MXUI Template v 2.2.5 by  Silver Acorn     Valid HTML5

USA Weather Finder