NOAA-style Climate Reports

   V/Λ SELECT: Month and Year   OR  >   Month
                   Monthly Climatological Summary for Feb 2022

Name: OFallon Weather   City: OFallon   State: MO
Elevation: 532 ft  Lat: N 38° 50' 20"   Lon: W 090° 43' 42"

                  Temperature (°F), Rain (in), Wind Speed (mph)

                                      Heat  Cool        Avg
    Mean                              Deg   Deg         Wind                 Dom
Day Temp  High   Time   Low    Time   Days  Days  Rain  Speed High   Time    Dir
----------------------------------------------------------------------------------
01  44.9  55.4   12:55  32.2   23:57  20.1   0.0  0.90   3.2  18.0   17:51   NNW
02  20.9  32.2   00:00  16.3   23:44  44.1   0.0  0.07   6.0  21.0   00:35     N
03  15.7  18.6   15:51  12.4   23:51  49.3   0.0  0.00   5.7  17.0   02:33     N
04  18.3  29.3   15:16   8.0   06:48  46.7   0.0  0.23   3.8  14.0   15:17   WNW
05  19.4  33.5   15:59   1.9   06:35  45.6   0.0  0.00   3.3  13.0   15:05   SSE
06  31.1  45.9   15:26  14.0   04:18  33.9   0.0  0.32   3.4  15.0   11:26    SW
07  29.6  39.9   13:58  19.0   07:34  35.4   0.0  0.00   2.1  12.0   02:13   WNW
08  43.1  59.2   15:15  22.2   03:55  21.9   0.0  0.00   3.9  18.0   08:48    SW
09  43.1  53.5   14:02  36.8   06:55  21.9   0.0  0.00   4.5  25.0   14:32     W
10  37.6  48.0   15:41  27.2   05:41  27.4   0.0  0.00   3.6  16.0   12:03     W
11  43.2  49.3   15:57  29.5   23:58  21.8   0.0  0.14   5.9  23.0   19:52     W
12  20.2  29.5   00:00  13.4   22:13  44.8   0.0  0.00   5.3  24.0   05:59    NW
13  22.3  35.7   12:10  12.9   01:20  42.7   0.0  0.00   3.8  20.0   12:38    NW
14  31.2  46.3   15:51  19.0   00:00  33.8   0.0  0.00   3.1  15.0   08:50   SSE
15  45.2  64.0   16:35  26.4   07:00  19.8   0.0  0.00   6.3  28.0   20:28   SSE
16  58.7  64.7   17:01  53.3   06:13   6.3   0.0  0.18   9.8  33.0   03:17   SSW
17  29.8  57.1   00:00  14.1   23:57  35.2   0.0  0.61   7.1  22.0   11:16   NNW
18  25.7  39.6   15:55   9.4   06:32  39.3   0.0  0.11   5.0  20.0   16:36    SW
19  29.0  37.6   00:00  22.1   07:19  35.9   0.0  0.04   4.5  21.0   03:45   NNW
20  47.6  64.3   15:01  29.0   05:12  17.3   0.0  0.19   6.8  31.0   12:49   SSW
21  55.9  66.6   14:08  41.5   06:14   9.2   0.1  0.00   7.5  27.0   13:47     S
22  45.5  63.7   03:47  22.4   23:59  19.5   0.0  0.03   8.6  26.0   10:33     W
23  18.9  22.5   00:00  15.0   07:19  46.1   0.0  0.00   5.5  18.0   00:12     N
24  25.3  28.5   15:34  21.0   00:29  39.7   0.0  0.00   3.7  17.0   23:49     N
25  23.1  26.1   00:00  18.9   23:25  41.9   0.0  0.00   5.1  23.0   01:12   WNW
26  25.5  37.0   15:11  13.1   06:50  39.5   0.0  0.19   1.4   8.0   10:07   SSE
27  34.3  52.4   15:08  18.6   03:25  30.7   0.0  0.06   2.0  14.0   13:45     W
28  44.9  64.4   14:51  24.8   06:45  20.1   0.0  0.00   3.6  20.0   14:52   WSW
----------------------------------------------------------------------------------
    33.2  66.6    21     1.9     5   889.9   0.1  3.07   4.8  33.0    16       W

Max >=  90.0  0
Max <=  32.0  6
Min <=  32.0 24
Min <=   0.0  0
Max Rain: 0.90 on day 1
Days of Rain: 13 (>= 0.01 in)  9 (>= 0.10 in)  0 (>= 1.00 in)
Heat Base: 65.0  Cool Base: 65.0  Method: Integration

Powered by Davis Vantage Pro2  and   CumulusMX   v 3.23.1 (b3221)   MXUI Template v 2.2.5 by  Silver Acorn     Valid HTML5

USA Weather Finder