NOAA-style Climate Reports

   V/Λ SELECT: Month and Year   OR  >   Month
                   Monthly Climatological Summary for Nov 2020

Name: OFallon Weather   City: OFallon   State: MO
Elevation: 532 ft  Lat: N 38° 50' 20"   Lon: W 090° 43' 42"

                  Temperature (°F), Rain (in), Wind Speed (mph)

                                      Heat  Cool        Avg
    Mean                              Deg   Deg         Wind                 Dom
Day Temp  High   Time   Low    Time   Days  Days  Rain  Speed High   Time    Dir
----------------------------------------------------------------------------------
01  45.7  56.5   00:00  32.5   22:47  20.1   0.0  0.00   6.0  24.0   09:04    NW
02  43.7  60.0   15:39  25.5   06:30  21.2   0.0  0.00   2.8  18.0   14:50    SW
03  58.0  75.9   16:01  37.8   06:43   9.1   2.1  0.00   2.5  17.0   14:51   SSW
04  64.5  76.4   15:00  54.2   03:28   3.5   3.1  0.00   4.7  18.0   09:22   SSW
05  63.6  75.5   15:05  57.1   04:59   3.4   2.1  0.00   3.2  16.0   10:24   SSW
06  62.9  75.6   14:53  48.1   06:45   4.6   2.5  0.00   2.7  13.0   12:22     S
07  62.4  74.9   14:53  45.7   06:07   5.1   2.5  0.00   2.8  19.0   11:28     S
08  66.1  75.7   14:10  55.6   06:40   2.4   3.4  0.00   3.1  22.0   11:38   SSE
09  68.4  76.4   14:33  60.8   07:06   0.7   4.1  0.00   4.9  21.0   10:42     S
10  63.2  77.0   15:11  42.0   23:59   5.3   3.5  0.23   8.1  36.0   14:18   SSW
11  41.0  52.0   16:07  32.2   06:48  24.0   0.0  0.00   1.7  17.0   00:14    NW
12  45.5  57.5   14:44  32.0   06:02  19.5   0.0  0.00   2.6  14.0   09:50   SSE
13  38.3  47.2   00:00  29.7   06:59  26.7   0.0  0.00   3.2  26.0   00:44    NW
14  47.5  59.3   20:53  37.7   02:03  17.5   0.0  1.30   6.4  26.0   21:03   SSE
15  49.6  58.0   00:00  41.2   23:55  15.4   0.0  0.00   9.3  38.0   05:42     W
16  50.2  64.8   14:59  37.5   06:48  14.8   0.0  0.00   5.4  30.0   12:54   WSW
17  41.4  47.6   00:00  35.3   06:56  23.6   0.0  0.00   2.5  16.0   01:51    NE
18  47.9  59.9   14:46  34.7   01:58  17.1   0.0  0.00   6.2  23.0   13:08   SSE
19  63.5  74.0   14:57  54.0   02:45   3.7   2.3  0.00   8.2  35.0   12:08   SSW
20  60.0  65.9   10:58  47.4   23:59   5.1   0.0  0.09   4.6  23.0   00:34   WSW
21  45.7  48.8   12:01  42.0   23:54  19.3   0.0  0.71   3.6  20.0   20:10    NE
22  43.1  48.5   15:32  40.8   02:32  21.9   0.0  0.11   4.3  14.0   07:35   NNW
23  39.7  44.0   12:05  34.3   06:52  25.3   0.0  0.07   2.6  11.0   21:11    NW
24  48.5  57.8   14:47  41.5   00:00  16.5   0.0  1.03   5.6  20.0   10:27   SSE
25  48.5  52.9   13:37  44.5   23:49  16.5   0.0  0.29   4.5  20.0   19:02   WSW
26  45.0  53.2   15:53  39.2   23:19  20.0   0.0  0.00   2.8  12.0   10:42   WSW
27  42.8  52.5   13:42  35.4   23:37  22.2   0.0  0.00   2.5  15.0   14:17   NNW
28  42.1  55.4   14:34  28.7   06:42  22.9   0.0  0.00   2.1  10.0   23:54    SW
29  41.0  49.9   14:23  35.0   06:50  24.0   0.0  0.00   4.3  27.0   21:06    NW
30  30.6  35.2   00:00  25.4   23:53  34.4   0.0  0.00   7.1  26.0   00:08    NW
----------------------------------------------------------------------------------
    50.3  77.0    10    25.4    30   465.8  25.6  3.83   4.3  38.0    15      SW

Max >=  90.0  0
Max <=  32.0  0
Min <=  32.0  5
Min <=   0.0  0
Max Rain: 1.30 on day 14
Days of Rain: 8 (>= 0.01 in)  6 (>= 0.10 in)  2 (>= 1.00 in)
Heat Base: 65.0  Cool Base: 65.0  Method: Integration

Powered by Davis Vantage Pro2  and   CumulusMX   v 3.23.1 (b3221)   MXUI Template v 2.2.5 by  Silver Acorn     Valid HTML5

USA Weather Finder