NOAA-style Climate Reports

   V/Λ SELECT: Month and Year   OR  >   Month
                   Monthly Climatological Summary for Nov 2019

Name: OFallon Weather   City: OFallon   State: MO
Elevation: 532 ft  Lat: N 38° 50' 20"   Lon: W 090° 43' 42"

                  Temperature (°F), Rain (in), Wind Speed (mph)

                                      Heat  Cool        Avg
    Mean                              Deg   Deg         Wind                 Dom
Day Temp  High   Time   Low    Time   Days  Days  Rain  Speed High   Time    Dir
----------------------------------------------------------------------------------
01  40.9  56.7   16:23  28.6   02:33  24.1   0.0  0.00   3.4  19.0   13:38    SW
02  42.5  51.4   16:18  37.0   07:38  22.5   0.0  0.00   4.3  20.0   13:35   WNW
03  46.8  62.0   14:26  34.0   05:05  18.9   0.0  0.00   4.4  19.0   13:55   SSW
04  49.1  54.6   13:19  45.4   23:58  15.9   0.0  0.00   2.7  15.0   11:18   WSW
05  45.6  53.7   15:10  39.5   06:48  19.4   0.0  0.01   1.6  10.0   11:54    NW
06  45.6  49.9   10:48  37.7   04:43  19.4   0.0  0.00   2.6  17.0   23:45     S
07  34.6  42.4   00:00  25.2   23:53  30.4   0.0  0.00   4.7  19.0   04:46     N
08  28.3  36.4   15:28  20.4   06:59  36.7   0.0  0.00   1.6   9.0   14:17     E
09  47.0  61.8   14:42  31.7   00:00  18.0   0.0  0.00   3.7  17.0   09:56    SW
10  53.0  62.8   14:36  42.2   23:57  12.0   0.0  0.00   3.3  17.0   10:01   NNW
11  29.1  42.2   00:00  15.2   23:58  35.9   0.0  0.08   6.3  23.0   21:53     N
12  14.2  20.0   14:58   8.6   06:53  50.8   0.0  0.01   3.0  13.0   00:07    NW
13  27.2  38.7   15:54  14.2   03:43  37.7   0.0  0.00   4.2  17.0   11:29     S
14  34.0  41.6   14:37  25.3   23:43  31.0   0.0  0.01   2.6  13.0   13:20   WNW
15  33.1  49.0   14:59  20.3   05:15  31.9   0.0  0.00   0.9   8.0   11:28    NW
16  36.0  46.6   15:13  24.4   06:55  29.0   0.0  0.00   1.6  10.0   15:00   ESE
17  41.1  50.9   14:06  31.2   00:29  23.8   0.0  0.01   2.7  15.0   12:33   WSW
18  45.8  53.0   15:42  36.9   06:53  19.2   0.0  0.00   1.8   9.0   13:02   WSW
19  48.2  57.8   15:36  39.7   21:32  16.8   0.0  0.00   3.7  21.0   11:39   WNW
20  49.5  59.6   14:05  35.4   06:59  15.5   0.0  0.00   4.8  19.0   12:37    SE
21  53.1  62.1   10:27  41.8   23:59  11.9   0.0  0.26   6.9  26.0   03:09   WSW
22  36.8  41.8   00:00  33.9   08:24  28.2   0.0  0.00   3.8  17.0   00:05   NNE
23  35.9  41.0   15:37  33.3   06:12  29.1   0.0  0.07   3.6  14.0   14:25   WNW
24  46.1  59.6   15:45  33.1   05:45  18.8   0.0  0.00   4.0  17.0   14:36    SW
25  54.2  68.0   15:53  45.6   23:26  11.1   0.3  0.00   3.3  15.0   11:43   WSW
26  50.8  61.4   21:23  40.0   05:23  14.2   0.0  0.04   4.3  33.0   23:17   SSE
27  42.1  59.3   00:34  32.0   23:58  22.9   0.0  0.00  11.6  44.0   03:32     W
28  33.1  35.5   22:40  29.1   05:36  31.9   0.0  0.08   2.1  13.0   09:02   ESE
29  38.2  40.5   14:24  35.3   01:56  26.8   0.0  0.80   3.9  16.0   22:56   ESE
30  46.1  52.9   18:49  39.8   00:00  18.9   0.0  0.54   5.1  16.0   23:26    SE
----------------------------------------------------------------------------------
    40.9  68.0    25     8.6    12   722.7   0.3  1.91   3.8  44.0    27     WSW

Max >=  90.0  0
Max <=  32.0  1
Min <=  32.0 13
Min <=   0.0  0
Max Rain: 0.80 on day 29
Days of Rain: 11 (>= 0.01 in)  3 (>= 0.10 in)  0 (>= 1.00 in)
Heat Base: 65.0  Cool Base: 65.0  Method: Integration

Powered by Davis Vantage Pro2  and   CumulusMX   v 3.23.1 (b3221)   MXUI Template v 2.2.5 by  Silver Acorn     Valid HTML5

USA Weather Finder