NOAA-style Climate Reports

   V/Λ SELECT: Month and Year   OR  >   Month
                   Monthly Climatological Summary for Jun 2019

Name: OFallon Weather   City: OFallon   State: MO
Elevation: 532 ft  Lat: N 38° 50' 20"   Lon: W 090° 43' 42"

                  Temperature (°F), Rain (in), Wind Speed (mph)

                                      Heat  Cool        Avg
    Mean                              Deg   Deg         Wind                 Dom
Day Temp  High   Time   Low    Time   Days  Days  Rain  Speed High   Time    Dir
----------------------------------------------------------------------------------
01  72.9  86.6   16:57  63.6   05:59   0.2   8.1  1.07   0.4  33.0   19:38   WNW
02  69.0  76.7   17:55  62.8   05:50   0.5   4.5  0.00   0.3  15.0   12:05   NNE
03  68.3  77.6   17:04  55.4   06:06   2.0   5.3  0.00   0.2  14.0   12:25   SSE
04  73.4  85.5   16:31  65.1   05:51   0.0   8.4  0.03   0.9  17.0   14:59   SSW
05  76.6  90.9   16:00  66.5   20:00   0.0  11.6  0.56   1.0  32.0   19:02     W
06  73.5  81.5   17:22  65.9   05:27   0.0   8.5  0.04   0.0   8.0   02:53     N
07  77.7  86.6   17:16  70.6   04:59   0.0  12.7  0.00   0.2  16.0   15:04   ENE
08  73.2  78.4   19:07  67.6   05:57   0.0   8.2  0.00   0.0  12.0   10:14   ENE
09  77.6  85.6   18:35  69.0   05:57   0.0  12.6  0.00   0.5  21.0   23:15   NNW
10  69.9  77.1   16:41  63.7   06:13   0.1   5.0  0.00   2.3  21.0   08:31   NNW
11  70.4  81.3   16:16  54.9   05:45   1.6   7.1  0.00   0.0  10.0   17:30   SSW
12  62.9  68.1   00:00  56.6   19:56   2.5   0.4  0.58   0.3  23.0   18:48   WNW
13  63.1  72.8   17:16  54.5   05:52   4.0   2.1  0.00   0.7  17.0   13:54   WNW
14  65.5  73.6   12:37  54.6   03:29   2.7   3.2  0.02   1.4  21.0   12:12     S
15  75.4  85.3   17:30  68.3   09:33   0.0  10.4  0.09   1.3  19.0   07:35    SW
16  77.0  83.5   16:14  70.4   09:54   0.0  12.0  0.01   0.4  25.0   09:46     W
17  70.1  72.1   00:00  69.0   13:11   0.0   5.1  0.02   0.0   6.0   12:05     N
18  74.2  82.1   16:44  68.0   06:21   0.0   9.2  0.00   0.0   8.0   12:52     N
19  72.8  77.3   18:09  68.8   23:57   0.0   7.8  0.21   0.1  19.0   13:14   WSW
20  71.7  81.3   18:00  65.0   05:37   0.0   6.7  0.00   0.1  14.0   08:50    NW
21  68.7  76.5   09:21  65.3   13:08   0.0   3.7  1.92   0.6  26.0   11:43    SE
22  71.2  80.4   16:43  66.4   02:43   0.0   6.2  0.91   0.4  21.0   03:09    SW
23  71.8  76.8   17:31  68.7   06:07   0.0   6.8  0.14   0.1  13.0   08:32     S
24  72.5  80.4   14:22  66.1   23:51   0.0   7.5  0.00   1.0  27.0   15:05     W
25  76.3  87.7   16:37  63.2   05:47   0.2  11.4  0.00   0.2  19.0   17:01    SW
26  75.8  89.4   13:53  69.8   05:27   0.0  10.8  0.12   0.2  25.0   14:48   WSW
27  78.4  91.1   16:08  65.7   04:48   0.0  13.4  0.00   0.0   7.0   15:40     N
28  77.2  89.8   15:52  68.4   22:26   0.0  12.2  0.26   0.2  38.0   16:25   WNW
29  79.8  91.5   16:10  66.3   05:36   0.0  14.8  0.00   0.0   5.0   11:20     N
30  83.1  92.1   17:19  73.2   05:33   0.0  18.1  0.00   0.0  10.0   13:51     N
----------------------------------------------------------------------------------
    73.0  92.1    30    54.5    13    13.8 253.8  5.98   0.4  38.0    28       W

Max >=  90.0  4
Max <=  32.0  0
Min <=  32.0  0
Min <=   0.0  0
Max Rain: 1.92 on day 21
Days of Rain: 15 (>= 0.01 in)  9 (>= 0.10 in)  2 (>= 1.00 in)
Heat Base: 65.0  Cool Base: 65.0  Method: Integration

Powered by Davis Vantage Pro2  and   CumulusMX   v 3.23.1 (b3221)   MXUI Template v 2.2.5 by  Silver Acorn     Valid HTML5

USA Weather Finder