NOAA-style Climate Reports

   V/Λ SELECT: Month and Year   OR  >   Month
                   Monthly Climatological Summary for Apr 2019

Name: OFallon Weather   City: OFallon   State: MO
Elevation: 532 ft  Lat: N 38° 50' 20"   Lon: W 090° 43' 42"

                  Temperature (°F), Rain (in), Wind Speed (mph)

                                      Heat  Cool        Avg
    Mean                              Deg   Deg         Wind                 Dom
Day Temp  High   Time   Low    Time   Days  Days  Rain  Speed High   Time    Dir
----------------------------------------------------------------------------------
01  41.7  52.8   17:20  30.8   04:18  23.3   0.0  0.00   0.7  17.0   09:30     S
02  50.0  63.6   16:14  36.6   07:02  15.0   0.0  0.00   2.0  26.0   14:37     W
03  52.8  64.1   17:00  40.1   05:22  12.2   0.0  0.00   0.9  19.0   17:25   ESE
04  52.1  59.0   00:03  48.2   10:13  12.9   0.0  0.51   0.0  12.0   14:48    SE
05  52.3  54.9   15:51  49.3   07:07  12.7   0.0  0.01   0.0   9.0   03:37   WNW
06  58.6  71.2   17:02  43.8   05:14   7.8   1.4  0.00   1.1  20.0   18:12    SE
07  68.6  81.2   17:17  57.2   07:07   1.9   5.5  0.00   1.4  20.0   14:53   WSW
08  65.3  74.9   17:08  56.8   07:19   2.4   2.7  0.00   0.0  11.0   15:26   NNE
09  63.9  72.1   17:45  55.0   07:20   2.9   1.9  0.00   0.0  11.0   15:10    NE
10  66.6  79.7   19:28  54.1   05:46   3.6   5.2  0.00   4.2  24.0   13:14    SE
11  69.5  78.1   13:24  52.7   23:59   1.3   5.8  0.05   3.3  31.0   17:12   SSW
12  50.5  61.3   17:55  40.9   06:52  14.5   0.0  0.00   4.3  30.0   15:42   WSW
13  49.2  56.5   15:54  41.0   06:16  15.7   0.0  0.19   0.4  18.0   21:05    NE
14  39.0  45.1   17:57  33.6   07:59  26.0   0.0  1.24   3.1  32.0   02:15     N
15  50.1  66.2   16:50  31.2   05:17  15.0   0.1  0.00   1.6  21.0   15:51    SE
16  69.5  84.6   16:32  54.3   06:40   2.8   7.4  0.00   1.7  22.0   16:41    SW
17  72.1  83.2   16:46  64.6   06:15   0.0   7.1  0.00   2.6  23.0   14:53   SSW
18  54.2  68.7   00:00  48.4   14:10  10.9   0.1  0.79   0.8  21.0   23:48   NNW
19  50.7  59.1   17:19  45.4   07:43  14.3   0.0  0.00   4.4  30.0   14:00     N
20  55.4  68.3   17:04  41.6   06:22  10.1   0.5  0.00   0.8  17.0   12:04   NNW
21  65.3  81.7   16:37  45.0   06:47   5.9   6.2  0.00   1.3  19.0   17:46   SSE
22  74.1  86.9   15:55  61.5   06:29   0.2   9.2  0.00   1.8  21.0   13:55   SSW
23  59.4  71.9   00:00  55.0   06:56   6.1   0.5  0.17   0.0  16.0   00:46     W
24  57.7  59.7   17:19  56.1   06:49   7.3   0.0  0.23   0.0   8.0   07:41     N
25  58.0  62.8   19:08  52.3   23:57   7.0   0.0  0.02   0.4  21.0   22:49    NW
26  57.4  66.5   16:38  48.1   03:43   7.8   0.2  0.01   2.4  25.0   10:13    NW
27  59.9  79.0   17:39  43.2   23:58   7.6   2.5  0.04   3.5  32.0   19:10     W
28  47.5  57.0   17:05  39.9   06:41  17.5   0.0  0.00   1.2  23.0   23:10   ESE
29  60.9  71.4   16:40  53.1   07:21   5.3   1.2  0.02   1.3  24.0   08:58     S
30  61.0  70.2   12:28  55.3   04:57   4.4   0.4  2.83   0.3  28.0   13:24   ESE
----------------------------------------------------------------------------------
    57.8  86.9    22    30.8     1   274.4  57.9  6.11   1.5  32.0    14      SW

Max >=  90.0  0
Max <=  32.0  0
Min <=  32.0  2
Min <=   0.0  0
Max Rain: 2.83 on day 30
Days of Rain: 13 (>= 0.01 in)  7 (>= 0.10 in)  2 (>= 1.00 in)
Heat Base: 65.0  Cool Base: 65.0  Method: Integration

Powered by Davis Vantage Pro2  and   CumulusMX   v 3.23.1 (b3221)   MXUI Template v 2.2.5 by  Silver Acorn     Valid HTML5

USA Weather Finder