NOAA-style Climate Reports

   V/Λ SELECT: Month and Year   OR  >   Month
                   Monthly Climatological Summary for Nov 2018

Name: OFallon Weather   City: OFallon   State: MO
Elevation: 532 ft  Lat: N 38° 50' 20"   Lon: W 090° 43' 42"

                  Temperature (°F), Rain (in), Wind Speed (mph)

                                      Heat  Cool        Avg
    Mean                              Deg   Deg         Wind                 Dom
Day Temp  High   Time   Low    Time   Days  Days  Rain  Speed High   Time    Dir
----------------------------------------------------------------------------------
01  45.8  48.9   00:00  43.9   20:20  19.2   0.0  0.88   0.3  16.0   00:04    NE
02  44.4  54.3   13:58  36.4   05:55  20.6   0.0  0.13   0.0  11.0   15:21   SSW
03  45.1  52.4   23:54  36.5   07:48  19.9   0.0  0.03   0.3  17.0   16:20    SE
04  52.6  55.8   04:49  48.6   23:13  12.9   0.0  0.15   2.3  25.0   05:57   SSW
05  47.3  50.5   12:17  42.6   05:17  17.7   0.0  0.39   0.3  18.0   10:42   SSW
06  50.8  58.8   13:54  45.8   07:18  14.2   0.0  0.01   1.5  22.0   13:04     W
07  42.1  51.3   14:29  34.9   23:58  22.9   0.0  0.00   0.1  13.0   14:37   NNW
08  35.0  38.8   13:41  32.4   22:28  30.0   0.0  0.06   0.0  11.0   09:38   ENE
09  31.7  35.3   15:55  22.4   23:54  33.3   0.0  0.19   1.3  22.0   17:57    NW
10  26.2  35.1   15:47  17.0   05:53  38.8   0.0  0.00   0.0  12.0   13:13   SSW
11  35.5  42.9   15:08  25.0   07:14  29.5   0.0  0.00   0.0   9.0   01:21     S
12  32.4  38.2   01:18  25.4   23:52  32.6   0.0  0.02   0.9  17.0   10:18     N
13  22.6  28.2   15:34  18.8   23:53  42.4   0.0  0.03   0.2  16.0   07:24   NNW
14  24.8  31.8   13:54  14.5   06:58  40.2   0.0  0.00   0.0  10.0   10:45     N
15  29.3  38.2   15:06  24.6   23:14  35.7   0.0  0.30   0.1  12.0   10:24   WNW
16  39.4  49.0   15:17  29.0   00:00  25.6   0.0  0.08   0.2  13.0   03:18     W
17  37.1  46.3   13:02  31.6   06:25  27.9   0.0  0.00   0.1  11.0   13:36   NNE
18  34.3  37.0   00:00  33.2   09:42  30.7   0.0  0.03   0.3  13.0   06:14     N
19  36.8  40.9   16:10  33.8   04:01  28.2   0.0  0.02   0.1  15.0   22:39    NW
20  31.9  37.4   15:41  28.0   23:56  33.1   0.0  0.00   0.2  15.0   02:13   NNW
21  43.2  59.2   15:34  27.8   00:14  21.8   0.0  0.00   0.0   9.0   10:16     N
22  46.9  62.3   14:43  30.4   06:11  18.1   0.0  0.00   0.0  14.0   14:52   SSW
23  44.5  51.3   12:27  38.8   03:44  20.5   0.0  0.37   1.2  26.0   10:41     S
24  50.6  62.4   14:46  43.5   07:03  14.4   0.0  0.00   0.2  14.0   11:08   WSW
25  45.1  54.2   16:34  29.7   23:55  19.9   0.0  0.38   2.8  34.0   23:02   WNW
26  25.9  29.8   01:52  20.4   23:58  39.1   0.0  0.00   5.2  29.0   01:48   WNW
27  21.0  27.4   14:56  16.9   23:48  44.0   0.0  0.00   1.9  20.0   06:46   WNW
28  26.0  32.6   20:41  16.6   03:36  39.0   0.0  0.00   0.7  16.0   15:46    SE
29  38.2  51.1   12:13  26.1   06:45  26.8   0.0  0.00   0.0   9.0   16:31     N
30  42.1  50.5   15:55  35.3   03:46  22.9   0.0  0.00   0.6  16.0   23:31   ESE
----------------------------------------------------------------------------------
    37.6  62.4    24    14.5    14   821.9   0.0  3.07   0.7  34.0    25     WNW

Max >=  90.0  0
Max <=  32.0  4
Min <=  32.0 17
Min <=   0.0  0
Max Rain: 0.88 on day 1
Days of Rain: 16 (>= 0.01 in)  8 (>= 0.10 in)  0 (>= 1.00 in)
Heat Base: 65.0  Cool Base: 65.0  Method: Integration

Powered by Davis Vantage Pro2  and   CumulusMX   v 3.23.1 (b3221)   MXUI Template v 2.2.5 by  Silver Acorn     Valid HTML5

USA Weather Finder