NOAA-style Climate Reports

   V/Λ SELECT: Month and Year   OR  >   Month
                   Monthly Climatological Summary for Mar 2018

Name: OFallon Weather   City: OFallon   State: MO
Elevation: 532 ft  Lat: N 38° 50' 20"   Lon: W 090° 43' 42"

                  Temperature (°F), Rain (in), Wind Speed (mph)

                                      Heat  Cool        Avg
    Mean                              Deg   Deg         Wind                 Dom
Day Temp  High   Time   Low    Time   Days  Days  Rain  Speed High   Time    Dir
----------------------------------------------------------------------------------
01  49.5  54.9   15:48  38.5   23:57  15.5   0.0  0.01   6.1  24.0   09:04    NW
02  41.4  52.0   15:27  29.4   05:32  23.6   0.0  0.00   3.0  15.0   16:54   ESE
03  44.9  56.7   15:25  31.4   06:18  20.1   0.0  0.00   5.1  22.0   13:16    SE
04  48.4  58.3   15:33  37.2   05:22  16.6   0.0  0.06   6.9  21.0   09:51    SE
05  43.3  49.3   00:43  35.0   23:08  21.7   0.0  0.57   7.1  29.0   15:37    SE
06  37.9  45.7   10:14  30.6   18:36  27.1   0.0  0.01   7.6  32.0   15:54     W
07  33.7  36.5   14:32  29.2   23:57  31.3   0.0  0.00   7.1  21.0   01:53   WNW
08  32.3  40.0   16:25  26.5   06:49  32.7   0.0  0.00   4.4  21.0   11:46    NW
09  38.2  49.7   14:51  25.0   02:55  26.8   0.0  0.00   3.2  17.0   14:55     E
10  44.1  52.9   16:22  33.5   06:33  20.9   0.0  0.00   5.0  19.0   15:57     E
11  36.5  43.4   00:00  32.7   11:58  27.3   0.0  0.32   3.6  13.0   00:39   NNE
12  37.3  47.3   18:22  30.9   03:31  27.7   0.0  0.00   4.9  20.0   10:09   WNW
13  37.5  47.2   15:33  28.6   07:07  27.5   0.0  0.00   4.8  23.0   16:22    NW
14  40.5  56.7   17:50  25.4   07:18  24.5   0.0  0.00   3.4  19.0   18:08   WSW
15  56.6  68.7   15:14  46.7   07:55   9.0   0.6  0.00   4.6  22.0   04:18   WNW
16  43.8  50.9   00:00  38.8   08:02  21.2   0.0  0.10   8.1  27.0   15:42   ESE
17  42.2  47.7   08:47  39.4   23:39  22.8   0.0  0.00   4.8  24.0   12:08    NW
18  40.2  42.5   17:19  38.0   05:45  24.8   0.0  0.00   1.9   9.0   10:17     E
19  42.4  45.5   11:58  39.1   07:19  22.6   0.0  0.98   4.9  23.0   09:46   ENE
20  38.3  44.4   16:00  33.4   08:15  26.7   0.0  0.00   6.2  19.0   13:09     N
21  40.1  48.4   17:34  34.2   07:38  24.9   0.0  0.00   4.7  18.0   11:03    NW
22  40.8  48.8   15:07  29.5   06:56  24.2   0.0  0.02   0.6   8.0   17:38   SSW
23  45.2  50.7   12:46  41.6   00:00  19.8   0.0  0.26   7.2  25.0   20:42   ESE
24  40.7  43.1   01:57  33.7   23:46  24.3   0.0  0.76   7.8  27.0   08:45     E
25  40.5  48.5   18:30  33.6   00:02  24.5   0.0  0.00   4.9  17.0   03:25     E
26  43.0  54.7   23:57  37.9   06:25  22.0   0.0  1.80   4.9  31.0   12:26    SE
27  50.4  58.3   10:17  43.4   23:56  14.6   0.0  0.56   3.8  17.0   10:40     W
28  44.3  47.1   17:52  41.0   07:08  20.7   0.0  0.04   0.9  10.0   02:56   ENE
29  45.5  46.8   00:00  44.4   07:46  19.5   0.0  0.33   3.7  14.0   17:45   NNW
30  45.8  55.1   18:01  36.7   07:23  19.2   0.0  0.00   3.2  20.0   16:26   WNW
31  49.1  57.6   17:18  39.8   23:58  15.9   0.0  0.13   5.3  22.0   07:46    SW
----------------------------------------------------------------------------------
    42.4  68.7    15    25.0     9   700.0   0.6  5.95   4.8  32.0     6      NE

Max >=  90.0  0
Max <=  32.0  0
Min <=  32.0 10
Min <=   0.0  0
Max Rain: 1.80 on day 26
Days of Rain: 15 (>= 0.01 in)  10 (>= 0.10 in)  1 (>= 1.00 in)
Heat Base: 65.0  Cool Base: 65.0  Method: Integration

Powered by Davis Vantage Pro2  and   CumulusMX   v 3.23.1 (b3221)   MXUI Template v 2.2.5 by  Silver Acorn     Valid HTML5

USA Weather Finder