NOAA-style Climate Reports

   V/Λ SELECT: Month and Year   OR  >   Month
                   Monthly Climatological Summary for Feb 2018

Name: OFallon Weather   City: OFallon   State: MO
Elevation: 532 ft  Lat: N 38° 50' 20"   Lon: W 090° 43' 42"

                  Temperature (°F), Rain (in), Wind Speed (mph)

                                      Heat  Cool        Avg
    Mean                              Deg   Deg         Wind                 Dom
Day Temp  High   Time   Low    Time   Days  Days  Rain  Speed High   Time    Dir
----------------------------------------------------------------------------------
01  29.8  41.2   00:35  16.3   23:59  35.3   0.0  0.00   4.5  21.0   10:35   NNW
02  20.0  29.5   15:52   9.5   07:07  45.0   0.0  0.00   1.5   9.0   08:32    SW
03  36.6  47.2   14:50  26.8   00:00  28.4   0.0  0.00   6.5  22.0   12:38   SSW
04  26.8  39.5   03:05  11.2   23:58  38.2   0.0  0.00   6.1  24.0   13:13    NW
05  17.8  28.0   16:44   4.9   06:18  47.2   0.0  0.00   2.3  15.0   09:42    SE
06  20.2  25.2   16:15  14.7   07:28  44.8   0.0  0.00   2.3  13.0   00:52    NE
07  22.7  32.6   15:52  15.0   07:23  42.3   0.0  0.00   3.0  15.0   13:45    NW
08  33.6  48.0   16:35  18.4   05:51  31.4   0.0  0.00   3.1  14.0   11:47     S
09  39.4  53.6   13:09  26.5   21:34  25.6   0.0  0.00   4.5  20.0   14:08    NW
10  23.6  26.6   00:00  20.9   23:28  41.4   0.0  0.00   4.1  16.0   04:17   NNE
11  20.9  24.8   16:21  16.8   07:38  44.1   0.0  0.00   3.3  14.0   09:44    NW
12  23.7  35.4   15:46  13.6   06:55  41.3   0.0  0.02   1.3  12.0   15:49    NE
13  32.4  45.6   16:58  20.2   05:16  32.6   0.0  0.02   1.2  13.0   14:49     S
14  51.8  65.8   16:20  36.0   00:00  13.2   0.0  0.01   4.0  20.0   16:39    SW
15  61.7  77.6   14:21  45.7   23:58   6.4   3.1  0.07   4.6  27.0   12:44     W
16  35.8  45.7   00:00  28.8   23:58  29.2   0.0  0.00   4.9  22.0   07:44   NNW
17  34.7  44.6   17:01  28.2   01:30  30.3   0.0  0.15   3.0  21.0   16:00    SW
18  42.7  54.8   15:24  28.6   02:19  22.2   0.0  0.00   5.9  24.0   14:52   SSE
19  60.4  66.9   19:34  51.4   00:00   4.8   0.2  0.64   7.6  27.0   11:39   SSW
20  55.0  70.3   05:19  31.8   23:33  11.7   1.7  2.06   7.7  32.0   11:56    SW
21  28.2  31.9   00:00  25.5   08:10  36.8   0.0  0.09   0.4  17.0   01:23     N
22  36.6  43.3   23:54  31.3   00:00  28.4   0.0  0.15   1.7  15.0   21:39    SE
23  43.0  46.3   12:56  37.8   23:11  22.0   0.0  0.20   3.6  12.0   11:13   WNW
24  42.8  52.6   20:35  37.4   02:53  22.2   0.0  1.29   5.6  31.0   22:09   ESE
25  41.2  52.4   17:06  32.0   06:56  23.8   0.0  0.00   3.5  25.0   00:45     W
26  47.1  61.7   16:05  31.3   07:05  17.9   0.0  0.00   2.8  15.0   14:45   SSW
27  56.9  69.5   15:17  44.5   04:46   8.7   0.6  0.00   6.4  23.0   23:25   SSW
28  53.4  57.4   00:00  50.1   05:46  11.6   0.0  0.04   2.7  17.0   00:06   SSE
----------------------------------------------------------------------------------
    37.1  77.6    15     4.9     5   786.8   5.6  4.74   3.9  32.0    20      SW

Max >=  90.0  0
Max <=  32.0  6
Min <=  32.0 21
Min <=   0.0  0
Max Rain: 2.06 on day 20
Days of Rain: 12 (>= 0.01 in)  6 (>= 0.10 in)  2 (>= 1.00 in)
Heat Base: 65.0  Cool Base: 65.0  Method: Integration

Powered by Davis Vantage Pro2  and   CumulusMX   v 3.23.1 (b3221)   MXUI Template v 2.2.5 by  Silver Acorn     Valid HTML5

USA Weather Finder