NOAA-style Climate Reports

   V/Λ SELECT: Month and Year   OR  >   Month
                   Monthly Climatological Summary for Nov 2017

Name: OFallon Weather   City: OFallon   State: MO
Elevation: 532 ft  Lat: N 38° 50' 20"   Lon: W 090° 43' 42"

                  Temperature (°F), Rain (in), Wind Speed (mph)

                                      Heat  Cool        Avg
    Mean                              Deg   Deg         Wind                 Dom
Day Temp  High   Time   Low    Time   Days  Days  Rain  Speed High   Time    Dir
----------------------------------------------------------------------------------
01  43.0  49.5   22:18  37.8   01:55  22.0   0.0  0.01   3.0  16.0   11:01   SSE
02  61.2  78.1   15:09  49.0   00:18   6.7   2.9  0.00   3.1  16.0   14:16   WNW
03  50.4  57.1   16:23  44.5   09:26  14.6   0.0  0.00   4.4  16.0   14:03   ENE
04  60.6  67.5   14:54  52.2   00:00   4.8   0.5  0.00   2.8  14.0   11:57     S
05  61.4  77.1   13:13  47.8   23:58   5.7   2.0  0.00   3.8  21.0   17:13    NW
06  43.3  47.8   00:00  39.8   07:11  21.7   0.0  0.02   4.0  14.0   00:38   NNE
07  44.0  49.4   13:37  40.6   00:00  21.0   0.0  0.00   4.5  16.0   11:33   NNE
08  40.9  51.0   15:38  32.3   06:29  24.1   0.0  0.00   2.0  12.0   12:10   NNE
09  41.0  56.6   13:04  29.6   04:22  24.0   0.0  0.00   3.9  21.0   12:44    NW
10  31.7  38.6   15:14  25.0   06:23  33.3   0.0  0.00   4.0  15.0   10:13     E
11  40.8  49.1   14:31  31.3   06:51  24.2   0.0  0.00   4.5  14.0   15:55    SE
12  45.0  48.7   11:29  42.6   06:39  20.0   0.0  0.00   2.8  12.0   14:10   NNW
13  43.5  50.5   14:08  39.8   07:20  21.5   0.0  0.00   2.8  13.0   11:07    SE
14  47.5  52.9   21:27  39.6   02:26  17.5   0.0  0.00   4.2  15.0   10:26   SSE
15  52.6  60.7   14:04  41.8   23:59  12.4   0.0  0.05   4.4  22.0   12:01     W
16  37.4  45.1   15:30  28.1   06:10  27.6   0.0  0.00   3.1  16.0   23:06   ENE
17  47.5  61.4   22:10  33.2   01:50  17.5   0.0  0.00   5.8  21.0   17:07   SSE
18  50.8  69.9   08:48  37.4   23:57  14.4   0.2  0.02   7.0  32.0   10:57   WNW
19  35.0  42.3   15:54  30.2   06:52  30.0   0.0  0.12   4.1  19.0   00:02   WNW
20  48.4  61.4   14:31  34.8   00:01  16.6   0.0  0.00   7.1  26.0   13:03   SSW
21  45.2  55.0   12:47  29.6   23:42  19.8   0.0  0.00   5.6  19.0   19:54   WNW
22  31.2  41.0   15:44  21.8   07:04  33.7   0.0  0.00   1.9   9.0   12:08    NW
23  42.7  58.7   15:34  30.5   01:59  22.3   0.0  0.00   2.9  16.0   10:18    SW
24  55.5  73.1   15:43  34.0   00:51  10.2   1.4  0.00   4.3  23.0   13:24    SW
25  51.9  61.0   14:51  41.6   23:52  13.1   0.0  0.00   4.0  21.0   03:56    NW
26  48.3  62.0   13:49  33.1   07:04  16.5   0.0  0.00   1.9  14.0   13:19   WSW
27  58.3  70.7   15:26  47.2   05:48   7.6   1.0  0.00   5.4  21.0   21:19   SSW
28  61.5  73.2   13:26  52.7   04:14   5.1   1.6  0.00   5.5  22.0   09:28    SW
29  50.2  55.3   00:00  45.9   22:09  14.8   0.0  0.02   3.7  14.0   11:39     E
30  48.9  56.7   15:00  39.9   23:58  16.1   0.0  0.01   3.9  15.0   02:37    NW
----------------------------------------------------------------------------------
    47.3  78.1     2    21.8    22   538.8   9.6  0.25   4.0  32.0    18     WSW

Max >=  90.0  0
Max <=  32.0  0
Min <=  32.0  8
Min <=   0.0  0
Max Rain: 0.12 on day 19
Days of Rain: 7 (>= 0.01 in)  1 (>= 0.10 in)  0 (>= 1.00 in)
Heat Base: 65.0  Cool Base: 65.0  Method: Integration

Powered by Davis Vantage Pro2  and   CumulusMX   v 3.23.1 (b3221)   MXUI Template v 2.2.5 by  Silver Acorn     Valid HTML5

USA Weather Finder