NOAA-style Climate Reports

   V/Λ SELECT: Month and Year   OR  >   Month
                   Monthly Climatological Summary for Apr 2017

Name: OFallon Weather   City: OFallon   State: MO
Elevation: 532 ft  Lat: N 38° 50' 20"   Lon: W 090° 43' 42"

                  Temperature (°F), Rain (in), Wind Speed (mph)

                                      Heat  Cool        Avg
    Mean                              Deg   Deg         Wind                 Dom
Day Temp  High   Time   Low    Time   Days  Days  Rain  Speed High   Time    Dir
----------------------------------------------------------------------------------
01  48.7  57.5   17:44  40.3   07:03  16.3   0.0  0.00   3.4  15.0   14:23   ENE
02  56.3  67.7   16:22  45.9   07:07   9.0   0.2  0.01   5.1  17.0   13:26    SE
03  57.8  64.9   17:36  54.4   07:56   7.2   0.0  0.39   3.6  22.0   21:31     W
04  57.2  61.7   12:14  53.1   07:45   7.8   0.0  0.05   4.8  18.0   00:02    NW
05  51.0  62.7   13:09  40.2   20:26  14.0   0.0  1.62   6.8  27.0   03:57     N
06  48.6  56.7   16:48  41.6   00:00  16.4   0.0  0.03   8.5  30.0   14:23    NW
07  49.3  61.0   18:05  37.8   06:52  15.7   0.0  0.00   3.3  13.0   14:17    NW
08  62.3  79.7   15:51  43.9   05:44   7.4   4.6  0.00   6.2  24.0   15:57     S
09  72.3  84.6   15:20  60.8   02:51   0.7   7.9  0.00   8.5  30.0   16:51     S
10  70.4  78.3   16:06  59.5   23:59   0.2   5.6  0.09   6.2  26.0   15:35    SW
11  53.9  62.7   18:10  47.2   06:41  11.1   0.0  0.00   3.2  14.0   05:48   WNW
12  59.1  72.8   17:17  41.6   06:35   7.6   1.6  0.00   3.3  14.0   13:30    SE
13  69.5  81.9   16:53  54.3   05:19   2.2   6.7  0.00   2.5  15.0   15:01    SW
14  73.2  81.9   14:19  61.7   03:29   0.2   8.4  0.00   3.6  21.0   13:05   SSW
15  75.0  83.6   16:16  65.6   06:40   0.0  10.0  0.00   6.5  32.0   10:53   SSW
16  67.5  73.2   13:05  56.8   23:33   1.0   3.5  0.06   3.2  18.0   02:47   WSW
17  60.8  69.6   16:00  53.7   07:36   5.1   0.8  0.04   2.3  14.0   15:06     E
18  65.0  78.6   17:50  50.0   05:24   4.9   4.9  0.00   2.9  14.0   09:35     S
19  74.3  86.8   16:30  62.7   06:20   0.4   9.7  0.00   5.1  21.0   16:11   SSW
20  71.0  78.6   13:53  57.6   23:56   0.6   6.6  0.00   5.8  27.0   13:23     W
21  52.1  57.6   00:00  48.9   06:25  12.9   0.0  0.03   2.7  18.0   23:46    NE
22  52.4  61.6   18:14  45.6   08:21  12.6   0.0  0.01   5.6  29.0   03:00   ENE
23  57.6  71.8   17:48  43.0   05:44   8.7   1.3  0.00   3.4  16.0   14:30    NE
24  60.2  76.8   16:32  40.6   06:29   8.0   3.2  0.00   2.4  14.0   14:12   SSE
25  69.3  81.6   15:30  57.2   05:59   2.0   6.4  0.00   6.4  27.0   14:45     S
26  60.7  69.9   00:00  47.9   23:54   5.0   0.7  1.27   4.6  29.0   04:31    SW
27  50.6  60.9   17:54  43.9   06:57  14.3   0.0  0.16   4.7  29.0   06:56     W
28  55.1  57.7   20:01  51.7   03:11   9.9   0.0  0.51   2.5  16.0   10:29   ESE
29  55.3  62.5   15:08  48.9   19:31   9.7   0.0  2.76   3.8  29.0   15:18    NE
30  59.3  72.3   17:40  46.6   03:40   6.9   1.2  1.53   5.4  27.0   16:47   SSE
----------------------------------------------------------------------------------
    60.5  86.8    19    37.8     7   217.8  83.3  8.56   4.5  32.0    15      SW

Max >=  90.0  0
Max <=  32.0  0
Min <=  32.0  0
Min <=   0.0  0
Max Rain: 2.76 on day 29
Days of Rain: 15 (>= 0.01 in)  7 (>= 0.10 in)  4 (>= 1.00 in)
Heat Base: 65.0  Cool Base: 65.0  Method: Integration

Powered by Davis Vantage Pro2  and   CumulusMX   v 3.23.1 (b3221)   MXUI Template v 2.2.5 by  Silver Acorn     Valid HTML5

USA Weather Finder