NOAA-style Climate Reports

   V/Λ SELECT: Month and Year   OR  >   Month
                   Monthly Climatological Summary for Nov 2016

Name: OFallon Weather   City: OFallon   State: MO
Elevation: 532 ft  Lat: N 38° 50' 20"   Lon: W 090° 43' 42"

                  Temperature (°F), Rain (in), Wind Speed (mph)

                                      Heat  Cool        Avg
    Mean                              Deg   Deg         Wind                 Dom
Day Temp  High   Time   Low    Time   Days  Days  Rain  Speed High   Time    Dir
----------------------------------------------------------------------------------
01  73.1  83.5   15:27  63.4   07:38   0.1   8.2  0.00   5.7  22.0   10:24   SSW
02  72.0  83.0   14:34  64.5   23:38   0.0   7.0  2.24   4.5  17.0   11:09    SW
03  62.5  66.8   16:30  54.3   23:56   2.6   0.1  0.32   2.5  18.0   02:19    NW
04  55.9  66.5   16:50  48.0   05:33   9.2   0.1  0.01   1.4   9.0   13:01    NE
05  51.9  64.3   15:37  42.7   06:34  13.1   0.0  0.01   0.6   7.0   11:21     S
06  50.9  64.9   14:31  38.4   07:05  14.6   0.0  0.00   1.3  13.0   11:20    SE
07  58.0  71.3   14:01  45.7   04:11   8.0   1.0  0.01   1.5  15.0   13:03     S
08  56.8  60.2   15:04  47.7   23:23   8.2   0.0  0.05   1.8   9.0   09:56     W
09  48.2  59.4   14:55  39.3   23:47  16.8   0.0  0.00   1.9  11.0   13:39   NNW
10  50.5  65.1   14:52  34.1   04:34  14.5   0.0  0.01   3.0  15.0   10:49   WSW
11  52.9  60.6   12:38  43.0   23:59  12.1   0.0  0.00   3.9  15.0   15:15   NNE
12  42.8  53.1   14:43  33.8   07:04  22.2   0.0  0.00   1.4   9.0   10:41     E
13  45.1  60.8   14:18  28.6   06:41  19.9   0.0  0.00   2.0  13.0   10:23   SSW
14  54.2  68.1   14:35  40.3   04:54  11.0   0.3  0.00   2.9  14.0   14:00   WSW
15  52.1  63.5   15:23  42.9   06:44  12.9   0.0  0.00   2.3  13.0   13:34    NW
16  57.2  70.0   14:44  45.6   07:04   8.4   0.6  0.00   2.1   8.0   01:17   SSW
17  67.9  82.5   14:08  51.0   06:32   3.2   6.1  0.00   5.9  26.0   14:16   SSW
18  56.7  68.2   00:00  41.4   23:58   8.7   0.4  0.03   8.0  36.0   23:46     W
19  38.9  46.2   14:12  33.0   06:57  26.1   0.0  0.00   7.4  30.0   01:41   WNW
20  34.2  45.0   15:38  25.8   06:32  30.8   0.0  0.00   1.7  10.0   09:35   WNW
21  38.9  49.0   14:47  28.2   06:10  26.1   0.0  0.00   4.1  14.0   14:33    SE
22  44.0  49.9   17:08  36.9   04:31  21.0   0.0  0.02   5.6  21.0   16:11    SE
23  48.9  57.2   13:03  43.3   23:55  16.1   0.0  0.00   4.7  20.0   15:54     W
24  40.5  43.3   00:00  34.2   23:31  24.5   0.0  0.00   2.5  15.0   00:21   WNW
25  39.7  45.2   12:28  32.6   02:37  25.3   0.0  0.00   2.2  15.0   13:24   WNW
26  40.8  52.7   14:50  29.8   07:17  24.2   0.0  0.01   3.8  14.0   09:48   SSW
27  43.7  50.2   16:11  37.6   00:00  21.3   0.0  0.09   5.8  22.0   21:04     S
28  50.4  54.0   15:22  44.0   00:00  14.5   0.0  0.15   8.2  29.0   12:12     S
29  51.1  62.0   14:09  43.4   23:25  13.9   0.0  0.00   4.8  20.0   11:42    SW
30  39.3  43.4   00:00  34.3   07:13  25.7   0.0  0.00   5.5  24.0   14:43     W
----------------------------------------------------------------------------------
    50.6  83.5     1    25.8    20   455.0  23.8  2.95   3.6  36.0    18      SW

Max >=  90.0  0
Max <=  32.0  0
Min <=  32.0  4
Min <=   0.0  0
Max Rain: 2.24 on day 2
Days of Rain: 12 (>= 0.01 in)  3 (>= 0.10 in)  1 (>= 1.00 in)
Heat Base: 65.0  Cool Base: 65.0  Method: Integration

Powered by Davis Vantage Pro2  and   CumulusMX   v 3.23.1 (b3221)   MXUI Template v 2.2.5 by  Silver Acorn     Valid HTML5

USA Weather Finder