NOAA-style Climate Reports

   V/Λ SELECT: Month and Year   OR  >   Month
                   Monthly Climatological Summary for Oct 2016

Name: OFallon Weather   City: OFallon   State: MO
Elevation: 532 ft  Lat: N 38° 50' 20"   Lon: W 090° 43' 42"

                  Temperature (°F), Rain (in), Wind Speed (mph)

                                      Heat  Cool        Avg
    Mean                              Deg   Deg         Wind                 Dom
Day Temp  High   Time   Low    Time   Days  Days  Rain  Speed High   Time    Dir
----------------------------------------------------------------------------------
01  62.9  67.7   15:30  60.3   23:27   2.4   0.3  0.01   2.4  11.0   10:35   WNW
02  63.2  68.9   15:48  56.9   04:49   2.7   0.9  0.01   1.3   9.0   10:52   WNW
03  65.7  74.8   16:40  60.0   23:55   1.7   2.3  0.00   1.0   9.0   15:34     S
04  68.0  79.5   15:46  57.0   06:22   2.3   5.3  0.00   2.6  18.0   17:27   SSE
05  71.7  82.4   16:39  61.8   04:44   0.4   7.1  0.00   3.3  18.0   11:14   SSW
06  73.9  80.9   17:14  66.4   07:09   0.0   8.9  0.00   2.9  13.0   19:42   SSW
07  61.1  69.7   01:15  48.3   23:59   4.4   0.5  0.00   3.6  22.0   09:57   NNW
08  55.2  71.4   16:44  41.5   06:52  10.7   0.9  0.00   1.3   9.0   11:36     N
09  59.6  76.2   15:55  43.5   06:43   7.9   2.5  0.00   1.0   7.0   12:19   WSW
10  61.2  74.0   13:05  47.1   07:23   6.1   2.3  0.00   2.2  14.0   12:54     S
11  66.7  80.3   14:59  53.5   07:22   3.0   4.7  0.00   3.3  17.0   15:07     S
12  62.1  72.0   13:13  50.2   23:39   4.2   1.3  0.02   4.1  18.0   15:24     W
13  50.3  58.8   16:39  45.2   22:07  14.8   0.0  0.00   2.4  14.0   13:05    NE
14  56.2  67.7   16:54  46.5   00:00   9.0   0.2  0.00   2.3  14.0   12:24     S
15  68.5  79.5   15:36  60.0   00:00   1.5   5.0  0.00   6.6  22.0   16:43   SSW
16  75.6  85.3   14:41  69.1   02:18   0.0  10.6  0.00   7.0  25.0   22:34   SSW
17  78.2  87.9   14:44  69.9   06:27   0.0  13.2  0.00   8.8  33.0   15:55   SSW
18  75.3  83.1   16:06  65.2   23:59   0.0  10.3  0.00   4.8  22.0   02:08    SW
19  61.0  65.3   00:00  56.1   22:30   4.0   0.0  0.76   3.0  15.0   11:12    NE
20  55.9  61.3   12:52  46.9   23:58   9.1   0.0  0.21   4.8  19.0   19:49     N
21  48.0  59.3   15:01  38.8   07:35  17.0   0.0  0.00   2.5  14.0   14:04    NW
22  53.0  68.7   16:19  37.0   06:54  12.4   0.5  0.01   2.3  15.0   13:12   SSW
23  63.9  79.4   16:00  48.3   05:08   4.8   3.8  0.00   3.6  17.0   14:40   WSW
24  55.9  65.4   15:31  46.3   07:44   9.1   0.0  0.00   2.1  13.0   15:23   ENE
25  55.6  65.4   15:04  45.4   05:04   9.4   0.0  0.00   2.6  13.0   13:03    SE
26  60.0  67.7   13:17  49.3   07:15   5.3   0.4  0.03   2.3  18.0   23:05    SW
27  54.5  61.3   00:00  48.3   23:59  10.5   0.0  0.00   2.3  11.0   02:21     N
28  62.6  79.6   16:06  46.6   05:47   7.2   4.8  0.01   3.7  18.0   15:40   SSW
29  73.0  83.6   15:16  65.4   05:41   0.0   8.0  0.00   5.3  20.0   09:59    SW
30  63.5  68.7   00:00  55.9   23:59   2.0   0.5  0.00   3.4  14.0   11:53     N
31  61.9  73.5   15:43  51.1   03:25   5.4   2.3  0.00   3.0  11.0   12:43   SSE
----------------------------------------------------------------------------------
    62.7  87.9    17    37.0    22   167.3  96.6  1.06   3.3  33.0    17      SW

Max >=  90.0  0
Max <=  32.0  0
Min <=  32.0  0
Min <=   0.0  0
Max Rain: 0.76 on day 19
Days of Rain: 8 (>= 0.01 in)  2 (>= 0.10 in)  0 (>= 1.00 in)
Heat Base: 65.0  Cool Base: 65.0  Method: Integration

Powered by Davis Vantage Pro2  and   CumulusMX   v 3.23.1 (b3221)   MXUI Template v 2.2.5 by  Silver Acorn     Valid HTML5

USA Weather Finder