NOAA-style Climate Reports

   V/Λ SELECT: Month and Year   OR  >   Month
                   Monthly Climatological Summary for Jul 2016

Name: OFallon Weather   City: OFallon   State: MO
Elevation: 532 ft  Lat: N 38° 50' 20"   Lon: W 090° 43' 42"

                  Temperature (°F), Rain (in), Wind Speed (mph)

                                      Heat  Cool        Avg
    Mean                              Deg   Deg         Wind                 Dom
Day Temp  High   Time   Low    Time   Days  Days  Rain  Speed High   Time    Dir
----------------------------------------------------------------------------------
01  73.2  81.3   16:50  65.6   04:45   0.0   8.2  0.00   2.9  14.0   08:07   NNE
02  64.5  68.2   00:00  60.2   23:59   1.1   0.6  0.27   2.2  15.0   23:57     E
03  63.5  68.4   19:38  58.4   04:39   2.6   1.1  2.17   2.8  19.0   02:34     E
04  71.4  79.8   18:11  67.5   00:05   0.0   6.4  0.09   1.2   8.0   09:00     N
05  80.7  91.3   16:27  68.9   04:22   0.0  15.7  0.00   3.1  13.0   19:38   SSW
06  75.9  84.1   08:35  70.2   14:02   0.0  10.8  0.88   3.4  23.0   09:15     S
07  76.2  87.2   18:38  68.5   04:06   0.0  11.2  0.20   3.1  25.0   08:42    SW
08  81.2  90.4   15:35  73.3   23:53   0.0  16.2  0.03   2.7  15.0   16:28   WNW
09  76.8  86.6   14:58  66.4   05:35   0.0  11.8  0.00   1.5   9.0   11:44    NE
10  79.5  91.9   17:18  68.4   05:51   0.0  14.5  0.01   2.9  15.0   22:29     S
11  82.5  91.4   15:59  71.8   05:18   0.0  17.5  0.00   5.4  19.0   12:47     S
12  79.0  85.4   17:45  71.5   07:58   0.0  14.0  0.00   4.3  23.0   07:20   SSW
13  77.5  90.3   14:02  68.8   15:34   0.0  12.5  1.94   4.3  33.0   15:01    SW
14  78.2  90.7   16:38  71.2   02:16   0.0  13.2  0.01   2.0  12.0   18:12   WNW
15  77.6  86.7   15:58  69.8   05:55   0.0  12.6  0.00   2.7  13.0   16:22   NNW
16  76.5  86.2   16:54  67.3   06:08   0.0  11.5  0.00   2.2  13.0   12:02   ESE
17  83.5  93.4   14:36  71.9   06:06   0.0  18.4  0.00   4.6  20.0   17:52   SSW
18  83.5  91.3   17:45  76.9   04:52   0.0  18.5  0.00   2.1  21.0   11:39   WSW
19  82.3  94.8   15:12  70.5   21:19   0.0  17.3  0.64   1.8  28.0   19:52     E
20  80.2  92.4   17:36  70.9   00:00   0.0  15.2  0.00   2.6  22.0   08:54    SE
21  86.4  95.5   16:35  76.6   05:23   0.0  21.4  0.00   3.2  11.0   12:05    SW
22  79.7  88.1   17:27  70.7   09:18   0.0  14.7  0.36   2.6  23.0   06:10    SE
23  84.2  94.1   17:05  72.7   04:30   0.0  19.2  0.00   2.3  10.0   14:41    SE
24  87.6  98.2   16:25  74.1   23:59   0.0  22.6  1.52   3.4  41.0   23:43    SW
25  77.7  85.4   13:15  72.0   05:49   0.0  12.7  0.39   2.7  23.0   02:35    NW
26  79.7  87.7   17:50  73.5   03:05   0.0  14.7  0.05   2.1  10.0   14:14    NE
27  81.1  90.3   15:52  74.7   05:02   0.0  16.1  0.01   1.5  11.0   19:50   SSE
28  80.6  88.7   17:11  72.6   06:30   0.0  15.6  0.00   2.3  11.0   15:54    NW
29  76.6  85.1   15:22  69.3   06:25   0.0  11.6  0.00   1.8  10.0   12:31   NNW
30  75.6  83.6   16:58  67.2   06:21   0.0  10.6  0.00   2.1  15.0   12:13    NW
31  77.2  87.4   14:44  67.1   05:39   0.0  12.2  0.12   1.3   9.0   20:35    SW
----------------------------------------------------------------------------------
    78.4  98.2    24    58.4     3     3.7 418.6  8.69   2.7  41.0    24     SSW

Max >=  90.0 14
Max <=  32.0  0
Min <=  32.0  0
Min <=   0.0  0
Max Rain: 2.17 on day 3
Days of Rain: 16 (>= 0.01 in)  10 (>= 0.10 in)  3 (>= 1.00 in)
Heat Base: 65.0  Cool Base: 65.0  Method: Integration

Powered by Davis Vantage Pro2  and   CumulusMX   v 3.23.1 (b3221)   MXUI Template v 2.2.5 by  Silver Acorn     Valid HTML5

USA Weather Finder