NOAA-style Climate Reports

   V/Λ SELECT: Month and Year   OR  >   Month
                   Monthly Climatological Summary for Jun 2016

Name: OFallon Weather   City: OFallon   State: MO
Elevation: 532 ft  Lat: N 38° 50' 20"   Lon: W 090° 43' 42"

                  Temperature (°F), Rain (in), Wind Speed (mph)

                                      Heat  Cool        Avg
    Mean                              Deg   Deg         Wind                 Dom
Day Temp  High   Time   Low    Time   Days  Days  Rain  Speed High   Time    Dir
----------------------------------------------------------------------------------
01  72.6  83.3   14:45  65.6   06:03   0.0   7.6  0.40   2.2  15.0   14:50     W
02  74.4  84.4   16:51  65.7   23:55   0.0   9.4  0.00   1.9  11.0   10:41   NNE
03  69.6  78.1   13:41  60.9   04:10   0.6   5.2  0.00   1.4  12.0   18:33   SSE
04  72.8  82.5   17:48  67.1   05:01   0.0   7.8  0.04   2.8  12.0   13:30     W
05  70.9  79.7   18:21  62.8   05:48   0.2   6.1  0.00   4.3  17.0   11:01   WNW
06  76.0  87.7   15:43  63.5   05:51   0.1  11.1  0.00   4.6  22.0   16:43     W
07  69.5  78.2   17:29  58.8   06:01   1.0   5.5  0.00   2.8  15.0   11:36   NNW
08  70.6  83.2   18:09  55.5   05:46   1.9   7.5  0.00   1.0  10.0   14:34     S
09  77.7  90.5   16:20  61.2   05:27   0.2  12.9  0.00   4.0  15.0   09:04   SSW
10  82.4  92.0   15:22  71.0   05:55   0.0  17.4  0.00   4.0  14.0   17:28    SW
11  82.8  91.2   15:44  72.9   06:03   0.0  17.8  0.00   3.4  13.0   11:31   WSW
12  83.1  94.6   16:18  73.3   05:56   0.0  18.1  0.00   2.3  16.0   17:25   WSW
13  80.9  93.5   17:40  70.4   05:57   0.0  15.9  0.01   2.1  20.0   18:30   SSW
14  81.9  91.3   15:34  71.5   02:55   0.0  16.9  0.00   3.7  16.0   13:14   SSW
15  86.1  97.2   16:56  77.0   05:49   0.0  21.2  0.00   3.8  15.0   13:25   WSW
16  86.5  98.0   15:13  78.3   03:46   0.0  21.6  0.00   2.9  13.0   08:14    NW
17  77.2  84.5   16:41  68.8   05:50   0.0  12.2  0.00   3.3  14.0   03:54   ENE
18  78.5  88.4   15:51  67.4   05:07   0.0  13.5  0.00   2.1  14.0   14:24   ENE
19  80.2  90.5   16:37  66.5   05:39   0.0  15.2  0.00   3.3  15.0   14:10   SSW
20  83.7  94.1   17:19  73.0   23:59   0.0  18.7  0.08   4.6  26.0   21:55   WSW
21  76.6  86.0   18:28  70.9   03:43   0.0  11.6  0.00   2.3  12.0   01:31   WSW
22  85.5  95.2   15:44  75.6   00:00   0.0  20.6  0.00   5.2  21.0   14:52    SW
23  86.1  95.9   16:19  74.6   23:56   0.0  21.1  0.00   4.5  18.0   08:52     W
24  79.4  92.6   16:17  65.2   05:58   0.0  14.4  0.00   1.8  11.0   20:02    NW
25  80.3  93.5   14:58  74.2   05:45   0.0  15.3  0.00   2.7  23.0   16:19     S
26  79.4  93.2   14:27  74.0   00:52   0.0  14.4  0.05   3.2  29.0   15:14   WSW
27  82.6  94.0   16:47  72.5   06:03   0.0  17.6  0.00   1.8  10.0   12:43    NE
28  77.2  85.2   14:54  68.9   05:55   0.0  12.2  0.00   2.6  15.0   16:55     N
29  71.0  79.1   15:34  61.6   05:54   0.3   6.4  0.00   2.0  12.0   10:28     E
30  69.6  79.7   17:25  60.9   05:18   0.7   5.3  0.63   2.3  15.0   12:42   SSW
----------------------------------------------------------------------------------
    78.2  98.0    16    55.5     8     5.0 400.5  1.21   3.0  29.0    26     WSW

Max >=  90.0 16
Max <=  32.0  0
Min <=  32.0  0
Min <=   0.0  0
Max Rain: 0.63 on day 30
Days of Rain: 6 (>= 0.01 in)  2 (>= 0.10 in)  0 (>= 1.00 in)
Heat Base: 65.0  Cool Base: 65.0  Method: Integration

Powered by Davis Vantage Pro2  and   CumulusMX   v 3.23.1 (b3221)   MXUI Template v 2.2.5 by  Silver Acorn     Valid HTML5

USA Weather Finder