NOAA-style Climate Reports

   V/Λ SELECT: Month and Year   OR  >   Month
                   Monthly Climatological Summary for Feb 2016

Name: OFallon Weather   City: OFallon   State: MO
Elevation: 532 ft  Lat: N 38° 50' 20"   Lon: W 090° 43' 42"

                  Temperature (°F), Rain (in), Wind Speed (mph)

                                      Heat  Cool        Avg
    Mean                              Deg   Deg         Wind                 Dom
Day Temp  High   Time   Low    Time   Days  Days  Rain  Speed High   Time    Dir
----------------------------------------------------------------------------------
01  44.0  51.5   15:28  38.4   06:46  21.0   0.0  0.00   3.1  13.0   15:41     E
02  50.0  62.4   15:49  39.9   00:24  15.0   0.0  0.09   6.0  26.0   05:47   SSE
03  35.3  48.8   00:00  28.2   23:59  29.7   0.0  0.01   9.4  32.0   01:58   WNW
04  31.4  42.4   16:00  19.9   07:05  33.6   0.0  0.00   3.7  17.0   01:29   WNW
05  32.4  41.4   15:32  24.5   07:24  32.6   0.0  0.00   2.0  10.0   13:36    NW
06  40.7  55.4   16:03  25.8   06:18  24.3   0.0  0.00   3.0  19.0   14:33   WSW
07  44.1  51.2   15:05  37.8   21:41  20.9   0.0  0.00   6.3  25.0   10:12     W
08  27.8  38.7   00:00  20.9   23:56  37.2   0.0  0.00   9.9  31.0   07:37    NW
09  21.0  26.3   16:13  17.7   23:45  44.0   0.0  0.00   8.1  27.0   22:04    NW
10  19.1  22.4   22:08  13.3   06:38  45.9   0.0  0.00   3.7  20.0   01:44   WNW
11  24.7  29.7   15:17  21.0   06:56  40.3   0.0  0.04   3.4  13.0   21:11   ENE
12  25.4  30.8   12:23  16.2   23:58  39.6   0.0  0.00   5.3  25.0   14:43   NNW
13  16.9  22.1   23:20   9.6   06:50  48.1   0.0  0.00   4.2  18.0   01:05    NE
14  24.6  30.2   23:43  20.6   08:38  40.4   0.0  0.00   5.6  22.0   07:04   SSE
15  32.3  38.3   16:35  28.4   02:25  32.8   0.0  0.10   1.9   8.0   07:04    SE
16  35.0  40.1   14:06  30.2   03:56  30.0   0.0  0.09   2.7  13.0   14:30     N
17  39.0  47.8   14:36  33.3   07:13  26.0   0.0  0.00   2.7  11.0   15:21    NE
18  47.9  62.1   15:52  33.9   00:05  17.1   0.0  0.00   7.6  26.0   16:37   SSE
19  63.4  71.7   11:33  55.0   23:51   2.9   1.3  0.00   8.9  34.0   08:21   WSW
20  62.3  76.8   15:18  50.4   07:05   5.2   2.6  0.01   4.1  16.0   23:21   WSW
21  47.1  56.6   00:00  37.8   23:59  17.9   0.0  0.00   4.7  17.0   14:16     N
22  38.9  47.5   15:06  31.3   05:27  26.1   0.0  0.00   2.3  13.0   11:03   ENE
23  40.0  47.2   15:14  31.7   05:56  25.0   0.0  0.00   5.1  24.0   23:19    NE
24  39.1  42.8   14:03  34.8   01:41  25.9   0.0  0.08  11.0  34.0   14:24     N
25  36.3  40.2   15:59  29.9   23:55  28.7   0.0  0.00   6.2  22.0   10:36    NW
26  34.0  42.7   16:11  27.9   06:27  31.0   0.0  0.00   3.1  13.0   02:14     W
27  48.4  65.7   16:29  27.9   03:04  16.6   0.0  0.00   4.5  19.0   12:27    SW
28  59.0  71.0   12:55  43.8   23:59   7.0   1.0  0.00  10.6  35.0   13:07   WSW
29  52.4  67.6   15:51  36.4   06:36  12.8   0.2  0.00   4.9  16.0   11:15    SW
----------------------------------------------------------------------------------
    38.4  76.8    20     9.6    13   777.6   5.1  0.42   5.3  35.0    28     WNW

Max >=  90.0  0
Max <=  32.0  6
Min <=  32.0 18
Min <=   0.0  0
Max Rain: 0.10 on day 15
Days of Rain: 7 (>= 0.01 in)  1 (>= 0.10 in)  0 (>= 1.00 in)
Heat Base: 65.0  Cool Base: 65.0  Method: Integration

Powered by Davis Vantage Pro2  and   CumulusMX   v 3.23.1 (b3221)   MXUI Template v 2.2.5 by  Silver Acorn     Valid HTML5

USA Weather Finder