NOAA-style Climate Reports

   V/Λ SELECT: Month and Year   OR  >   Month
                   Monthly Climatological Summary for Nov 2015

Name: OFallon Weather   City: OFallon   State: MO
Elevation: 532 ft  Lat: N 38° 50' 20"   Lon: W 090° 43' 42"

                  Temperature (°F), Rain (in), Wind Speed (mph)

                                      Heat  Cool        Avg
    Mean                              Deg   Deg         Wind                 Dom
Day Temp  High   Time   Low    Time   Days  Days  Rain  Speed High   Time    Dir
----------------------------------------------------------------------------------
01  56.5  70.7   15:10  44.8   07:22   9.7   0.9  0.01   2.1   9.0   11:47    SW
02  55.5  70.2   14:58  42.7   06:32  10.2   0.7  0.00   1.8  10.0   10:28     S
03  57.4  67.8   15:26  52.0   07:40   7.9   0.2  0.00   2.9  11.0   17:33   SSE
04  62.8  71.6   13:45  57.2   01:34   3.3   1.2  0.00   2.3  14.0   07:41     S
05  63.3  67.7   11:25  58.3   06:08   1.9   0.1  0.82   4.0  22.0   15:25     S
06  54.0  66.1   00:29  45.8   21:58  11.0   0.1  0.01   4.0  19.0   01:50    NW
07  47.0  58.5   14:14  38.1   04:36  18.0   0.0  0.00   1.7  13.0   13:53   NNW
08  43.0  54.7   14:32  31.5   06:49  22.0   0.0  0.00   1.0  10.0   12:29     E
09  43.2  57.2   14:20  30.8   06:20  21.7   0.0  0.00   0.8  11.0   12:28     E
10  48.7  65.4   14:50  31.1   06:34  16.3   0.0  0.00   1.8  10.0   15:30   SSE
11  59.2  67.5   12:45  46.8   01:48   6.1   0.3  0.03   7.4  37.0   23:15   SSW
12  51.5  58.6   15:23  46.3   23:59  13.5   0.0  0.00  10.2  36.0   01:00   WNW
13  47.5  57.6   14:49  37.8   23:56  17.5   0.0  0.00   4.1  19.0   12:03   WNW
14  51.8  69.1   14:47  33.0   05:42  13.7   0.5  0.00   3.1  19.0   13:05    SW
15  56.1  65.8   12:34  46.3   07:10   9.0   0.0  0.00   5.0  21.0   11:06   SSW
16  51.3  56.7   00:51  48.3   09:33  13.7   0.0  0.95   5.6  17.0   02:46   SSE
17  60.2  64.3   17:46  52.6   00:00   4.8   0.0  2.37   7.4  31.0   22:31   SSE
18  55.8  64.3   01:35  48.2   20:29   9.2   0.0  0.12   9.0  42.0   01:41    SW
19  46.7  52.9   14:03  37.6   23:42  18.3   0.0  0.00   5.7  25.0   14:02   WNW
20  43.4  52.2   12:51  29.2   06:50  21.6   0.0  0.08   3.5  23.0   14:48    SE
21  34.9  42.8   00:00  23.5   23:59  30.1   0.0  0.24   5.2  32.0   11:30   NNW
22  31.7  42.7   15:43  20.5   07:05  33.3   0.0  0.05   3.3  17.0   13:32   SSW
23  45.4  59.3   15:11  35.5   01:32  19.6   0.0  0.08   3.9  22.0   01:49   WSW
24  48.6  64.2   14:24  34.0   05:35  16.4   0.0  0.01   3.5  18.0   13:50     S
25  52.5  57.6   23:55  43.6   02:27  12.5   0.0  0.00   7.0  23.0   23:40     S
26  62.4  70.1   12:21  57.6   00:00   3.2   0.6  0.01   9.4  28.0   12:54   SSW
27  44.6  65.8   00:34  37.6   23:18  20.5   0.0  1.15   5.5  22.0   00:23   NNE
28  36.8  37.8   19:49  35.4   08:14  28.2   0.0  0.02   4.9  15.0   01:08   NNE
29  38.1  40.2   18:47  36.2   08:27  26.9   0.0  0.04   3.4  12.0   04:34    NE
30  41.2  45.2   23:40  37.9   03:09  23.8   0.0  0.15   2.3  12.0   23:56    SE
----------------------------------------------------------------------------------
    49.7  71.6     4    20.5    22   463.9   4.6  6.14   4.4  42.0    18     SSW

Max >=  90.0  0
Max <=  32.0  0
Min <=  32.0  6
Min <=   0.0  0
Max Rain: 2.37 on day 17
Days of Rain: 17 (>= 0.01 in)  7 (>= 0.10 in)  2 (>= 1.00 in)
Heat Base: 65.0  Cool Base: 65.0  Method: Integration

Powered by Davis Vantage Pro2  and   CumulusMX   v 3.23.1 (b3221)   MXUI Template v 2.2.5 by  Silver Acorn     Valid HTML5

USA Weather Finder