NOAA-style Climate Reports

   V/Λ SELECT: Month and Year   OR  >   Month
                   Monthly Climatological Summary for Feb 2015

Name: OFallon Weather   City: OFallon   State: MO
Elevation: 532 ft  Lat: N 38° 50' 20"   Lon: W 090° 43' 42"

                  Temperature (°F), Rain (in), Wind Speed (mph)

                                      Heat  Cool        Avg
    Mean                              Deg   Deg         Wind                 Dom
Day Temp  High   Time   Low    Time   Days  Days  Rain  Speed High   Time    Dir
----------------------------------------------------------------------------------
01  33.5  39.6   13:37  19.5   23:54  31.4   0.0  0.53   4.6  25.0   19:07     W
02  20.3  26.1   16:06  15.3   08:38  44.7   0.0  0.00   3.4  24.0   01:22    NW
03  34.5  48.0   16:42  21.2   03:12  30.4   0.0  0.00   0.0   0.0   00:00     E
04  29.8  42.1   00:00  13.8   23:55  35.2   0.0  0.00   0.6  17.0   21:44   NNW
05  16.0  27.1   16:47   4.2   07:18  49.0   0.0  0.00   2.0   9.0   13:49   SSW
06  37.3  55.4   16:07  19.3   03:45  27.6   0.0  0.00   4.7  19.0   13:28   SSW
07  53.1  70.6   16:07  36.7   07:35  12.5   0.6  0.00   6.8  25.0   20:38   SSW
08  53.4  64.0   13:44  40.3   23:55  11.7   0.0  0.00   7.3  26.0   22:49     W
09  33.1  40.3   00:00  29.1   23:29  31.9   0.0  0.00   5.5  40.0   02:20     N
10  32.2  40.6   16:36  26.2   06:57  32.8   0.0  0.00   2.8  30.0   21:39   ESE
11  33.2  39.6   11:14  27.3   23:07  31.8   0.0  0.00   4.9  58.0   00:13   WNW
12  19.3  27.9   02:22  11.3   07:14  45.7   0.0  0.00   6.3  29.0   04:47   NNW
13  28.7  41.5   17:01  18.6   00:00  36.2   0.0  0.00   3.8  14.0   10:40   SSW
14  27.4  37.6   03:47  11.2   23:44  37.6   0.0  0.00   7.7  31.0   10:48   NNW
15  13.4  17.8   15:06   9.5   06:55  51.6   0.0  0.00   5.5  15.0   01:04     E
16  16.4  21.1   16:54  13.5   22:54  48.6   0.0  0.00   3.6  12.0   12:46     N
17  24.1  33.2   15:34  15.2   00:00  40.9   0.0  0.14   4.0  31.0   23:26   WNW
18  12.2  20.4   00:00   4.9   23:57  52.8   0.0  0.00   6.9  28.0   10:50   WNW
19   8.6  16.5   15:22   0.3   06:48  56.4   0.0  0.00   3.4  18.0   11:09   NNW
20  20.9  26.9   14:52  13.0   02:50  44.1   0.0  0.00   6.6  29.0   10:45   SSE
21  32.0  40.0   15:37  25.3   02:27  33.0   0.0  0.32   2.1  13.0   17:06   NNW
22  22.1  34.3   00:00  11.2   23:58  42.9   0.0  0.00   6.8  28.0   18:58   NNW
23   9.4  16.0   15:37   3.7   06:52  55.6   0.0  0.00   3.4  14.0   01:42     N
24  25.6  40.5   15:37   7.3   04:21  39.4   0.0  0.01   5.4  23.0   13:36   WSW
25  33.0  42.8   14:47  22.3   06:36  32.0   0.0  0.00   3.0  11.0   10:18     E
26  19.8  32.2   00:00   7.6   23:55  45.1   0.0  0.00   6.6  21.0   06:18   NNW
27  10.0  18.1   15:24   1.2   06:47  55.0   0.0  0.00   3.5  22.0   11:48   NNE
28  20.0  26.1   11:58  12.9   00:31  45.0   0.0  0.00   3.1  16.0   10:42   ESE
----------------------------------------------------------------------------------
    25.7  70.6     7     0.3    19  1100.9   0.6  1.00   4.4  58.0    11      NW

Max >=  90.0  0
Max <=  32.0 11
Min <=  32.0 26
Min <=   0.0  0
Max Rain: 0.53 on day 1
Days of Rain: 4 (>= 0.01 in)  3 (>= 0.10 in)  0 (>= 1.00 in)
Heat Base: 65.0  Cool Base: 65.0  Method: Integration

Powered by Davis Vantage Pro2  and   CumulusMX   v 3.23.1 (b3221)   MXUI Template v 2.2.5 by  Silver Acorn     Valid HTML5

USA Weather Finder