NOAA-style Climate Reports

   V/Λ SELECT: Month and Year   OR  >   Month
                   Monthly Climatological Summary for Jul 2014

Name: OFallon Weather   City: OFallon   State: MO
Elevation: 532 ft  Lat: N 38° 50' 20"   Lon: W 090° 43' 42"

                  Temperature (°F), Rain (in), Wind Speed (mph)

                                      Heat  Cool        Avg
    Mean                              Deg   Deg         Wind                 Dom
Day Temp  High   Time   Low    Time   Days  Days  Rain  Speed High   Time    Dir
----------------------------------------------------------------------------------
01  78.8  84.4   13:55  72.4   23:43   0.0  13.8  0.01   3.8  20.0   00:59     W
02  69.1  73.8   15:25  60.2   23:51   0.3   4.4  0.00   4.5  23.0   12:12   WNW
03  67.2  77.6   18:20  57.3   05:54   2.0   4.2  0.00   2.5  12.0   09:11   NNW
04  70.0  80.6   15:53  57.8   05:03   1.7   6.7  0.00   1.3  11.0   13:14   ENE
05  71.4  79.6   17:45  58.7   05:00   1.0   7.4  0.00   3.6  22.0   16:34     S
06  78.0  89.6   16:44  69.0   06:46   0.0  13.0  0.00   4.9  19.0   18:33   SSW
07  80.7  89.7   16:22  75.3   19:53   0.0  15.7  0.23   4.8  20.0   21:59   SSW
08  75.0  84.0   15:39  66.0   06:07   0.0  10.0  0.50   5.3  36.0   00:47     W
09  73.8  82.9   16:15  63.8   05:41   0.0   8.8  0.00   2.8  16.0   13:39    NW
10  72.0  81.5   16:26  61.2   05:35   0.7   7.7  0.00   1.1  13.0   14:30   ENE
11  76.9  88.2   16:04  61.0   06:01   0.5  12.4  0.00   3.2  16.0   13:07     S
12  84.0  93.0   15:46  77.6   04:15   0.0  19.0  0.00   4.0  14.0   15:46   SSW
13  80.7  88.7   16:15  74.4   22:07   0.0  15.7  0.07   2.8  14.0   12:21   WSW
14  74.6  86.5   13:16  66.1   23:58   0.0   9.6  0.05   3.1  31.0   13:42     W
15  64.8  73.7   15:49  56.2   05:50   2.3   2.1  0.00   3.5  17.0   12:31    NW
16  65.9  77.0   16:55  54.7   05:58   2.9   3.9  0.00   1.5  10.0   14:24   NNW
17  68.6  79.0   16:24  55.2   06:09   2.1   5.8  0.00   0.2   9.0   13:00   ENE
18  70.6  78.5   11:48  61.6   05:41   0.6   6.1  0.00   0.6  13.0   11:39     E
19  70.4  81.2   16:07  58.6   04:58   1.4   6.8  0.00   1.1  10.0   15:18    NE
20  73.9  85.5   16:29  60.3   05:22   0.7   9.6  0.00   1.2   9.0   09:16    SE
21  77.5  88.2   16:16  65.7   04:03   0.0  12.5  0.00   3.1  16.0   12:50     S
22  81.0  92.6   17:57  69.9   05:42   0.0  16.0  0.00   2.9  17.0   14:18   SSW
23  77.8  81.9   00:00  68.3   23:57   0.0  12.8  0.00   3.5  17.0   15:41   NNE
24  69.2  78.2   16:45  59.2   06:16   1.0   5.2  0.00   2.3  16.0   11:48    NE
25  69.2  80.1   18:34  59.3   03:08   1.1   5.2  0.03   2.8  22.0   16:29   SSE
26  80.4  95.6   14:14  72.6   03:07   0.0  15.4  0.00   3.2  18.0   10:56    SW
27  80.0  89.5   14:08  69.2   23:59   0.0  15.0  0.00   4.6  24.0   13:55    NW
28  68.8  76.8   13:43  61.2   23:58   0.5   4.2  0.00   3.3  17.0   16:50   NNW
29  67.8  78.4   17:09  55.0   05:50   2.4   5.2  0.00   2.1  14.0   16:39   NNW
30  72.1  81.7   15:25  60.1   06:23   0.8   7.9  0.00   1.2  11.0   14:39    NE
31  73.3  84.8   16:12  60.9   06:31   0.4   8.7  0.00   1.2   9.0   11:51    NE
----------------------------------------------------------------------------------
    73.7  95.6    26    54.7    16    22.4 290.8  0.89   2.8  36.0     8     WSW

Max >=  90.0  3
Max <=  32.0  0
Min <=  32.0  0
Min <=   0.0  0
Max Rain: 0.50 on day 8
Days of Rain: 6 (>= 0.01 in)  2 (>= 0.10 in)  0 (>= 1.00 in)
Heat Base: 65.0  Cool Base: 65.0  Method: Integration

Powered by Davis Vantage Pro2  and   CumulusMX   v 3.23.1 (b3221)   MXUI Template v 2.2.5 by  Silver Acorn     Valid HTML5

USA Weather Finder