NOAA-style Climate Reports

   V/Λ SELECT: Month and Year   OR  >   Month
                   Monthly Climatological Summary for Mar 2014

Name: OFallon Weather   City: OFallon   State: MO
Elevation: 532 ft  Lat: N 38° 50' 20"   Lon: W 090° 43' 42"

                  Temperature (°F), Rain (in), Wind Speed (mph)

                                      Heat  Cool        Avg
    Mean                              Deg   Deg         Wind                 Dom
Day Temp  High   Time   Low    Time   Days  Days  Rain  Speed High   Time    Dir
----------------------------------------------------------------------------------
01  31.9  39.9   00:36  22.0   23:58  33.1   0.0  0.00   4.5  16.0   09:28   NNE
02  11.6  22.1   00:00   5.0   23:49  53.4   0.0  0.00   7.7  21.0   21:11     N
03  11.3  22.1   16:03   0.5   07:13  53.7   0.0  0.00   4.1  20.0   00:26     N
04  26.3  41.9   16:35  12.1   05:43  38.7   0.0  0.06   2.4  13.0   09:25   SSE
05  31.7  40.3   14:50  23.3   06:37  33.3   0.0  0.01   3.4  15.0   13:11     E
06  33.0  45.0   16:26  23.5   06:24  32.0   0.0  0.00   2.2  11.0   13:33   ENE
07  44.1  61.4   15:31  25.6   05:04  21.0   0.0  0.00   2.2  15.0   15:04     S
08  37.6  42.5   00:24  34.2   23:51  27.4   0.0  0.00   3.8  13.0   01:27   NNW
09  42.5  58.5   18:05  26.5   06:12  21.6   0.0  0.00   3.5  18.0   15:00    SW
10  58.8  77.6   17:03  44.1   07:09   9.0   2.8  0.00   5.8  23.0   10:58   WSW
11  62.3  80.2   16:43  41.7   23:58   6.7   4.0  0.11   4.9  26.0   20:55    SW
12  38.0  43.6   16:28  33.5   23:58  27.0   0.0  0.48   9.0  29.0   02:37    NW
13  44.5  64.9   17:38  25.8   06:17  20.5   0.0  0.00   3.4  20.0   16:38   SSW
14  56.0  65.1   16:01  48.1   23:59   9.0   0.0  0.00   7.4  31.0   08:22   WSW
15  53.5  70.8   16:50  33.6   07:30  12.4   0.9  0.00   3.5  17.0   15:42    SE
16  32.9  47.2   00:00  25.8   23:57  32.1   0.0  0.00   9.5  31.0   05:14    NE
17  32.3  46.8   17:57  18.3   07:27  32.7   0.0  0.00   2.6  14.0   00:54     E
18  47.0  59.7   14:50  33.4   06:07  18.0   0.0  0.00   6.6  33.0   12:14   SSE
19  45.1  51.8   00:00  35.1   23:57  19.9   0.0  0.02   7.5  31.0   08:34     W
20  50.8  67.1   17:46  30.9   02:43  14.4   0.2  0.00   5.0  22.0   14:20    SW
21  60.7  75.8   15:50  50.2   07:19   6.4   2.2  0.00   6.8  27.0   17:59    SW
22  40.1  52.6   00:00  35.2   23:58  24.9   0.0  0.00   5.5  19.0   04:32     N
23  32.4  40.5   16:49  25.6   07:38  32.6   0.0  0.00   5.5  19.0   02:44     N
24  31.3  38.6   14:27  23.2   06:31  33.7   0.0  0.00   2.0  11.0   15:12     S
25  32.7  38.2   15:08  25.7   23:37  32.3   0.0  0.00   6.1  31.0   11:25    NW
26  37.3  51.8   16:36  20.9   06:58  27.7   0.0  0.00   5.7  24.0   21:07   SSE
27  51.2  60.1   21:07  39.0   02:52  13.8   0.0  0.22   8.6  30.0   16:35     S
28  43.6  53.0   00:00  38.6   06:19  21.4   0.0  0.01   4.7  26.0   01:15    NW
29  41.1  47.2   17:04  34.8   23:32  23.9   0.0  0.00   4.4  17.0   13:41   NNW
30  48.0  67.4   17:01  27.4   07:05  17.1   0.2  0.00   3.6  18.0   16:46   SSE
31  57.6  69.4   17:07  45.3   06:40   8.0   0.6  0.00   7.6  31.0   14:40     S
----------------------------------------------------------------------------------
    40.9  80.2    11     0.5     3   757.7  10.9  0.91   5.1  33.0    18       W

Max >=  90.0  0
Max <=  32.0  2
Min <=  32.0 17
Min <=   0.0  0
Max Rain: 0.48 on day 12
Days of Rain: 7 (>= 0.01 in)  3 (>= 0.10 in)  0 (>= 1.00 in)
Heat Base: 65.0  Cool Base: 65.0  Method: Integration

Powered by Davis Vantage Pro2  and   CumulusMX   v 3.23.1 (b3221)   MXUI Template v 2.2.5 by  Silver Acorn     Valid HTML5

USA Weather Finder