NOAA-style Climate Reports

   V/Λ SELECT: Month and Year   OR  >   Month
                   Monthly Climatological Summary for Feb 2014

Name: OFallon Weather   City: OFallon   State: MO
Elevation: 532 ft  Lat: N 38° 50' 20"   Lon: W 090° 43' 42"

                  Temperature (°F), Rain (in), Wind Speed (mph)

                                      Heat  Cool        Avg
    Mean                              Deg   Deg         Wind                 Dom
Day Temp  High   Time   Low    Time   Days  Days  Rain  Speed High   Time    Dir
----------------------------------------------------------------------------------
01  29.6  32.4   11:11  25.7   23:56  35.4   0.0  0.84   3.2  34.0   05:38   NNW
02  18.4  25.8   00:00  10.6   23:56  46.6   0.0  0.00   5.1  19.0   02:10   NNW
03  16.4  26.9   15:40   4.8   06:44  48.6   0.0  0.00   2.0  10.0   01:52    NE
04  22.3  24.4   14:25  19.6   23:59  42.7   0.0  0.00   4.1  16.0   13:41    NE
05  16.6  19.9   02:20   8.7   23:59  48.4   0.0  0.00   6.9  22.0   16:00    NW
06   5.0  10.6   14:28  -1.2   07:11  60.1   0.0  0.00   4.1  15.0   11:16   WNW
07   8.6  17.4   20:05  -5.5   06:38  56.2   0.0  0.00   1.7   9.0   11:08   ENE
08  22.1  28.9   15:25  14.9   03:02  42.9   0.0  0.03   2.0  10.0   11:42   SSE
09  22.7  25.4   00:00  15.8   23:57  42.3   0.0  0.00   3.5  12.0   08:42   NNW
10   9.2  15.8   00:00   3.7   23:59  55.8   0.0  0.00   4.0  15.0   01:43     N
11   7.4  17.9   16:06  -4.1   07:32  57.6   0.0  0.00   1.8   8.0   11:49    NE
12  17.2  31.7   15:48   1.8   06:59  47.8   0.0  0.04   1.0   7.0   11:23     E
13  31.4  47.6   15:03  11.5   04:59  33.5   0.0  0.02   4.0  21.0   13:55   WSW
14  25.4  36.5   00:00  15.8   23:45  39.6   0.0  0.00   4.9  20.0   09:13   NNW
15  20.8  31.0   18:52   9.5   05:52  44.2   0.0  0.00   3.0  18.0   16:48     S
16  29.3  31.6   16:45  26.1   00:19  35.7   0.0  0.01   4.4  18.0   23:27   NNE
17  34.8  46.3   17:23  26.0   02:43  30.2   0.0  0.03   5.4  28.0   14:18    SW
18  51.1  63.3   15:21  39.3   01:52  13.9   0.0  0.00   6.6  28.0   14:09   SSW
19  45.5  52.6   00:00  38.4   07:02  19.5   0.0  0.00   3.9  19.0   00:01    SW
20  52.5  73.7   14:20  38.9   23:38  13.0   0.5  0.15  11.2  55.0   16:55   SSW
21  44.2  56.0   16:43  32.6   06:49  20.8   0.0  0.00   8.5  36.0   02:03   WSW
22  43.5  58.1   12:04  31.1   07:10  21.5   0.0  0.00   3.3  18.0   16:22     N
23  29.9  35.7   15:54  23.9   23:39  35.1   0.0  0.00   5.0  17.0   02:59     N
24  27.5  34.9   14:26  20.0   03:53  37.5   0.0  0.00   2.5  12.0   13:37    NE
25  25.0  28.5   13:55  17.1   23:58  40.0   0.0  0.00   5.4  18.0   23:27     N
26  17.8  26.0   16:12   8.3   06:58  47.2   0.0  0.00   6.3  22.0   00:44   WNW
27  22.3  26.5   03:10  17.4   23:47  42.7   0.0  0.00   5.4  20.0   05:12   NNW
28  32.5  48.0   16:21  17.2   00:24  32.5   0.0  0.00   5.0  19.0   09:07    SE
----------------------------------------------------------------------------------
    26.0  73.7    20    -5.5     7  1091.3   0.5  1.12   4.4  55.0    20      NW

Max >=  90.0  0
Max <=  32.0 16
Min <=  32.0 24
Min <=   0.0  3
Max Rain: 0.84 on day 1
Days of Rain: 7 (>= 0.01 in)  2 (>= 0.10 in)  0 (>= 1.00 in)
Heat Base: 65.0  Cool Base: 65.0  Method: Integration

Powered by Davis Vantage Pro2  and   CumulusMX   v 3.23.1 (b3221)   MXUI Template v 2.2.5 by  Silver Acorn     Valid HTML5

USA Weather Finder