NOAA-style Climate Reports

   V/Λ SELECT: Month and Year   OR  >   Month
                   Monthly Climatological Summary for Nov 2013

Name: OFallon Weather   City: OFallon   State: MO
Elevation: 532 ft  Lat: N 38° 50' 20"   Lon: W 090° 43' 42"

                  Temperature (°F), Rain (in), Wind Speed (mph)

                                      Heat  Cool        Avg
    Mean                              Deg   Deg         Wind                 Dom
Day Temp  High   Time   Low    Time   Days  Days  Rain  Speed High   Time    Dir
----------------------------------------------------------------------------------
01  52.2  61.2   14:04  46.7   06:53  12.8   0.0  0.00   5.2  23.0   13:26     W
02  47.6  53.9   13:23  40.9   23:54  17.4   0.0  0.00   4.4  20.0   12:18   WNW
03  46.0  58.5   14:02  30.7   06:26  19.8   0.0  0.00   2.8  17.0   11:33   SSE
04  52.9  61.3   15:43  46.4   05:51  12.1   0.0  0.00   5.2  23.0   15:08   SSE
05  55.9  60.2   14:37  51.9   06:44   9.1   0.0  0.25   4.3  20.0   19:10   SSE
06  48.0  58.4   08:22  36.7   23:53  17.0   0.0  0.38   5.3  27.0   08:45     W
07  42.8  55.7   15:18  31.1   05:17  22.2   0.0  0.00   2.9  20.0   14:51     W
08  46.1  59.7   15:27  28.5   05:58  18.9   0.0  0.00   4.6  22.0   22:46     S
09  56.2  68.0   14:49  49.3   07:01   9.1   0.3  0.00   5.2  19.0   00:31   WSW
10  45.8  53.6   14:03  39.8   06:55  19.3   0.0  0.00   1.7  12.0   08:18   NNW
11  47.0  63.4   13:05  31.4   23:57  18.0   0.0  0.07   4.6  22.0   16:43    NW
12  28.4  35.0   14:40  22.6   07:06  36.4   0.0  0.00   4.3  20.0   02:32     N
13  33.6  47.7   15:16  18.7   06:04  31.4   0.0  0.00   4.1  16.0   09:54   SSW
14  45.7  60.1   15:07  32.6   06:51  19.3   0.0  0.00   5.9  21.0   11:44   SSW
15  48.7  58.6   14:08  41.9   06:33  16.3   0.0  0.05   4.4  17.0   14:32     S
16  58.9  65.4   22:02  47.8   00:00   6.1   0.0  0.01   8.0  27.0   09:28     S
17  64.8  77.0   10:08  46.6   23:58   2.8   2.7  0.02   9.3  51.0   11:59   WSW
18  46.5  55.1   15:03  36.2   23:58  18.5   0.0  0.00   3.9  23.0   12:06   WNW
19  38.6  49.7   14:18  29.8   05:54  26.4   0.0  0.00   1.5  10.0   14:35   ESE
20  40.9  51.2   23:03  35.1   00:04  24.1   0.0  0.02   3.0  15.0   04:07    SE
21  49.1  51.0   09:17  45.9   01:31  15.9   0.0  0.02   1.4  14.0   09:25     S
22  37.0  48.2   00:00  31.8   23:53  28.0   0.0  0.00   5.0  19.0   04:39   NNW
23  26.3  31.8   00:00  16.7   23:57  38.7   0.0  0.00   5.7  23.0   12:38   NNW
24  21.2  29.0   14:07  12.3   06:57  43.8   0.0  0.00   2.4  13.0   21:23   ESE
25  32.0  35.6   16:03  26.5   00:00  33.0   0.0  0.00   3.8  14.0   10:10   SSW
26  31.7  38.6   12:38  22.5   23:57  33.4   0.0  0.00   4.6  22.0   19:15    NW
27  22.0  29.0   15:12  15.8   07:05  43.0   0.0  0.00   3.9  16.0   08:40    NW
28  32.0  45.7   14:32  17.9   04:09  33.0   0.0  0.00   4.0  18.0   08:53   WSW
29  33.2  46.0   15:11  20.4   06:43  31.7   0.0  0.00   1.6   9.0   10:12   ESE
30  42.4  60.7   16:01  27.1   06:15  22.6   0.0  0.00   1.6  16.0   10:28     S
----------------------------------------------------------------------------------
    42.5  77.0    17    12.3    24   680.1   3.0  0.82   4.2  51.0    17      SW

Max >=  90.0  0
Max <=  32.0  3
Min <=  32.0 16
Min <=   0.0  0
Max Rain: 0.38 on day 6
Days of Rain: 8 (>= 0.01 in)  2 (>= 0.10 in)  0 (>= 1.00 in)
Heat Base: 65.0  Cool Base: 65.0  Method: Integration

Powered by Davis Vantage Pro2  and   CumulusMX   v 3.23.1 (b3221)   MXUI Template v 2.2.5 by  Silver Acorn     Valid HTML5

USA Weather Finder