NOAA-style Climate Reports

   V/Λ SELECT: Month and Year   OR  >   Month
                   Monthly Climatological Summary for Aug 2013

Name: OFallon Weather   City: OFallon   State: MO
Elevation: 532 ft  Lat: N 38° 50' 20"   Lon: W 090° 43' 42"

                  Temperature (°F), Rain (in), Wind Speed (mph)

                                      Heat  Cool        Avg
    Mean                              Deg   Deg         Wind                 Dom
Day Temp  High   Time   Low    Time   Days  Days  Rain  Speed High   Time    Dir
----------------------------------------------------------------------------------
01  74.5  86.8   17:28  64.9   06:04   0.0   9.5  0.00   2.0  10.0   12:21    NW
02  73.3  80.4   11:50  69.5   00:00   0.0   8.3  0.45   2.7  15.0   10:31   SSW
03  74.5  83.1   16:35  67.9   23:57   0.0   9.6  0.00   1.8  12.0   17:11   NNE
04  71.4  79.2   12:40  62.2   06:09   0.3   6.7  0.00   0.8   9.0   11:11     E
05  70.6  75.4   13:10  64.8   03:32   0.0   5.7  0.00   2.3  16.0   11:46   SSE
06  77.8  86.8   16:28  70.7   03:30   0.0  12.8  0.06   2.8  12.0   11:02   SSW
07  78.7  86.6   16:19  73.0   08:22   0.0  13.7  0.00   3.0  14.0   08:28   WSW
08  73.4  76.8   15:31  69.1   06:32   0.0   8.4  0.07   1.1  10.0   13:47   NNE
09  73.0  81.7   12:45  66.4   06:43   0.0   8.0  0.01   0.9   9.0   11:03    NE
10  74.4  83.0   15:30  66.5   06:32   0.0   9.4  0.00   1.8  12.0   12:44     N
11  72.8  83.9   16:09  59.1   06:14   0.9   8.7  0.00   0.4   9.0   12:47   ENE
12  73.3  79.7   19:18  68.7   06:34   0.0   8.3  0.11   0.5   9.0   15:19   SSW
13  70.3  78.0   15:54  64.1   23:47   0.1   5.4  0.01   2.6  13.0   16:41     N
14  64.6  73.8   14:44  53.8   06:38   2.9   2.5  0.00   1.7  11.0   10:15   ENE
15  64.8  73.8   15:48  55.6   06:50   2.9   2.7  0.00   0.5  13.0   11:52    NE
16  66.5  75.5   16:41  56.6   05:16   2.2   3.6  0.00   1.7  17.0   14:07   ENE
17  68.2  78.6   16:07  56.9   06:42   2.1   5.3  0.00   1.8  10.0   11:22    NE
18  71.0  82.1   16:15  59.9   06:10   1.0   6.9  0.00   1.4  11.0   11:51    NE
19  74.6  87.2   16:43  62.7   06:17   0.2   9.8  0.00   0.2   8.0   12:59     S
20  75.6  88.0   15:51  63.5   05:54   0.1  10.7  0.00   0.1   8.0   17:30   ESE
21  78.4  90.4   16:07  66.1   05:34   0.0  13.4  0.00   2.1  12.0   14:57   SSW
22  80.2  88.9   13:56  72.0   06:49   0.0  15.2  0.00   2.0  10.0   08:17   WSW
23  79.1  88.1   14:52  71.4   06:31   0.0  14.1  0.00   1.7  11.0   15:31   ENE
24  78.7  91.9   16:18  66.8   06:42   0.0  13.7  0.00   1.5  12.0   12:12     E
25  79.4  92.7   17:10  64.9   06:48   0.0  14.4  0.00   1.4  13.0   15:34     S
26  83.1  94.5   16:50  73.1   06:34   0.0  18.1  0.00   3.6  14.0   10:05    SW
27  83.8  94.2   14:47  74.2   06:45   0.0  18.8  0.00   3.8  17.0   11:34    SW
28  83.7  95.7   17:07  71.7   06:38   0.0  18.7  0.00   2.4  12.0   11:53     W
29  83.9  96.1   14:31  71.5   06:00   0.0  18.9  0.00   1.4  12.0   09:32    NW
30  86.0  98.8   16:46  73.3   06:09   0.0  21.0  0.00   2.3  20.0   17:10   WSW
31  87.9 100.3   15:48  78.5   06:46   0.0  22.8  0.00   4.3  19.0   15:21    SW
----------------------------------------------------------------------------------
    75.7 100.3    31    53.8    14    12.7 345.1  0.71   1.8  20.0    30      SW

Max >=  90.0  9
Max <=  32.0  0
Min <=  32.0  0
Min <=   0.0  0
Max Rain: 0.45 on day 2
Days of Rain: 6 (>= 0.01 in)  2 (>= 0.10 in)  0 (>= 1.00 in)
Heat Base: 65.0  Cool Base: 65.0  Method: Integration

Powered by Davis Vantage Pro2  and   CumulusMX   v 3.23.1 (b3221)   MXUI Template v 2.2.5 by  Silver Acorn     Valid HTML5

USA Weather Finder