NOAA-style Climate Reports

   V/Λ SELECT: Month and Year   OR  >   Month
                   Monthly Climatological Summary for Jun 2013

Name: OFallon Weather   City: OFallon   State: MO
Elevation: 532 ft  Lat: N 38° 50' 20"   Lon: W 090° 43' 42"

                  Temperature (°F), Rain (in), Wind Speed (mph)

                                      Heat  Cool        Avg
    Mean                              Deg   Deg         Wind                 Dom
Day Temp  High   Time   Low    Time   Days  Days  Rain  Speed High   Time    Dir
----------------------------------------------------------------------------------
01  68.6  76.9   16:14  63.8   06:00   0.2   3.8  0.24   4.9  24.0   17:57    SW
02  63.0  66.8   13:50  59.8   23:52   2.2   0.1  0.00   4.2  17.0   04:26    NW
03  62.2  69.2   15:38  55.7   05:48   3.5   0.8  0.00   2.3  11.0   16:23    NE
04  63.7  71.7   12:36  51.5   05:23   3.5   2.3  0.00   1.5  11.0   08:13     E
05  68.1  79.7   14:47  56.8   05:20   1.8   4.9  0.05   0.4  10.0   15:27   NNW
06  68.9  76.5   16:15  61.2   05:24   0.6   4.5  0.00   3.0  17.0   16:53    NW
07  65.6  73.3   13:46  57.0   06:00   2.0   2.6  0.00   2.6  15.0   12:42   NNW
08  69.2  80.2   17:06  55.3   05:54   2.0   6.1  0.00   1.9  14.0   14:15     S
09  67.3  75.9   11:42  62.8   22:53   0.3   2.7  0.55   3.7  24.0   12:08   SSW
10  69.8  78.9   16:23  63.0   01:33   0.5   5.4  0.02   3.1  17.0   11:55     W
11  77.1  89.5   15:31  60.4   05:58   0.6  12.8  0.00   2.9  18.0   13:11   SSW
12  84.1  93.5   16:16  70.0   05:33   0.0  19.1  0.00   5.3  25.0   12:33    SW
13  75.2  84.0   00:00  66.1   23:54   0.0  10.2  0.00   4.4  24.0   04:46    NW
14  73.4  82.9   14:14  61.3   05:47   0.4   8.8  0.00   1.5  14.0   16:25    SE
15  75.0  87.1   15:42  65.7   05:51   0.0  10.1  0.83   3.7  25.0   20:04   SSW
16  74.5  84.8   16:29  67.9   02:17   0.0   9.5  0.03   2.0  16.0   13:04   SSW
17  73.4  83.6   13:54  65.1   23:59   0.0   8.4  0.01   1.7  18.0   17:26     E
18  74.7  87.8   16:13  61.6   05:51   0.4  10.1  0.01   2.2  14.0   14:15   WNW
19  74.6  84.6   15:47  65.1   05:54   0.0   9.6  0.00   1.5  10.0   13:15    NE
20  79.5  89.5   15:20  65.9   04:48   0.0  14.5  0.00   2.4  14.0   14:52   SSE
21  82.4  91.2   14:53  72.3   03:58   0.0  17.4  0.00   4.8  20.0   10:38     S
22  77.1  88.9   13:35  71.3   23:40   0.0  12.1  0.05   4.0  21.0   14:23     S
23  74.9  89.6   15:49  67.2   23:42   0.0   9.9  0.40   3.7  30.0   16:40     S
24  79.6  91.2   16:50  66.1   05:40   0.0  14.6  0.01   3.4  18.0   22:33   SSW
25  83.6  91.4   15:14  75.1   05:48   0.0  18.6  0.00   5.3  28.0   16:56   SSW
26  79.2  91.1   15:22  73.0   16:11   0.0  14.2  1.33   3.6  33.0   15:55   SSW
27  81.4  92.0   14:55  72.6   04:33   0.0  16.4  0.00   2.6  18.0   16:07   WNW
28  79.8  86.5   12:10  73.6   05:59   0.0  14.8  0.01   4.8  23.0   16:58   WNW
29  71.5  79.7   13:31  65.2   22:59   0.0   6.5  0.02   5.0  27.0   14:29   WNW
30  68.3  77.4   16:37  64.0   05:47   0.1   3.4  0.36   3.8  24.0   17:12     N
----------------------------------------------------------------------------------
    73.5  93.5    12    51.5     4    18.1 274.2  3.92   3.2  33.0    26      SW

Max >=  90.0  6
Max <=  32.0  0
Min <=  32.0  0
Min <=   0.0  0
Max Rain: 1.33 on day 26
Days of Rain: 15 (>= 0.01 in)  6 (>= 0.10 in)  1 (>= 1.00 in)
Heat Base: 65.0  Cool Base: 65.0  Method: Integration

Powered by Davis Vantage Pro2  and   CumulusMX   v 3.23.1 (b3221)   MXUI Template v 2.2.5 by  Silver Acorn     Valid HTML5

USA Weather Finder