NOAA-style Climate Reports

   V/Λ SELECT: Month and Year   OR  >   Month
                   Monthly Climatological Summary for Mar 2013

Name: OFallon Weather   City: OFallon   State: MO
Elevation: 532 ft  Lat: N 38° 50' 20"   Lon: W 090° 43' 42"

                  Temperature (°F), Rain (in), Wind Speed (mph)

                                      Heat  Cool        Avg
    Mean                              Deg   Deg         Wind                 Dom
Day Temp  High   Time   Low    Time   Days  Days  Rain  Speed High   Time    Dir
----------------------------------------------------------------------------------
01  29.8  33.2   14:17  27.4   23:57  35.1   0.0  0.04   4.6  15.0   19:23    NW
02  27.6  32.6   15:12  22.2   23:33  37.4   0.0  0.00   5.0  19.0   13:04    NW
03  28.9  37.8   15:51  15.4   06:18  36.1   0.0  0.00   2.1  11.0   22:42    SE
04  42.1  52.4   16:01  34.7   03:35  22.9   0.0  0.01   5.5  23.0   10:20   ESE
05  33.7  39.8   00:00  30.4   17:59  31.3   0.0  0.12   8.9  37.0   13:49   WNW
06  31.0  37.2   15:35  25.0   23:59  34.0   0.0  0.00   5.6  27.0   00:43    NW
07  33.4  46.1   15:10  20.6   06:26  31.6   0.0  0.00   2.5  12.0   12:35   ESE
08  41.6  52.8   14:42  28.5   06:09  23.3   0.0  0.00   4.6  17.0   11:18    SE
09  52.4  68.0   17:16  39.6   08:47  12.8   0.2  0.34   6.5  26.0   23:13    SE
10  52.1  57.6   00:00  44.2   23:59  12.4   0.0  1.10   4.9  18.0   06:21   SSW
11  34.8  44.2   00:00  31.9   12:00  30.2   0.0  0.05   7.8  23.0   11:19     W
12  36.2  47.1   15:03  27.8   07:04  28.8   0.0  0.00   6.8  33.0   15:42   WNW
13  32.4  39.9   17:10  26.9   07:18  32.6   0.0  0.00   6.3  24.0   00:18   WNW
14  39.2  54.9   17:04  26.6   03:25  25.8   0.0  0.01   3.9  20.0   12:44   SSE
15  51.7  70.9   16:25  30.6   05:13  14.4   1.1  0.00   1.6  12.0   15:22    SE
16  47.3  65.7   03:16  38.3   23:33  17.8   0.0  0.06   4.9  20.0   09:00   NNW
17  34.6  38.3   00:00  31.0   09:12  30.4   0.0  1.08   5.3  18.0   07:29   ENE
18  39.9  50.6   17:43  34.4   07:04  25.1   0.0  0.08   6.4  28.0   17:55   WNW
19  36.8  44.8   15:35  29.1   06:28  28.2   0.0  0.00   4.4  21.0   11:53   WNW
20  30.3  36.1   00:27  24.8   23:39  34.8   0.0  0.00   6.2  24.0   08:53    NW
21  27.5  34.4   16:26  19.1   07:19  37.5   0.0  0.00   2.9  12.0   21:01    NE
22  35.5  41.8   15:43  30.7   00:32  29.5   0.0  0.00   3.2  13.0   12:29     E
23  42.7  52.0   16:58  35.8   07:11  22.3   0.0  0.02   4.5  18.0   17:19   ENE
24  31.9  41.5   00:00  30.2   23:49  33.1   0.0  0.12   7.0  24.0   16:49     N
25  30.7  34.2   15:32  27.1   07:14  34.3   0.0  0.34   7.5  23.0   15:18   WNW
26  33.5  39.0   17:32  29.0   22:47  31.5   0.0  0.16   4.7  18.0   14:31   WNW
27  34.1  42.4   15:33  21.2   07:08  30.9   0.0  0.00   1.6   8.0   14:19   ENE
28  44.0  54.5   17:13  34.3   07:02  21.0   0.0  0.00   4.2  15.0   19:11     E
29  50.8  60.5   15:38  41.6   07:13  14.2   0.0  0.00   2.4  13.0   12:49     E
30  46.8  54.5   14:25  39.0   07:45  17.8   0.0  0.16   2.5  16.0   12:49    SE
31  54.5  66.2   16:22  46.6   05:11  10.5   0.1  0.00   4.1  25.0   15:53   WNW
----------------------------------------------------------------------------------
    38.3  70.9    15    15.4     3   827.6   1.4  3.69   4.8  37.0     5      NW

Max >=  90.0  0
Max <=  32.0  0
Min <=  32.0 21
Min <=   0.0  0
Max Rain: 1.10 on day 10
Days of Rain: 15 (>= 0.01 in)  8 (>= 0.10 in)  2 (>= 1.00 in)
Heat Base: 65.0  Cool Base: 65.0  Method: Integration

Powered by Davis Vantage Pro2  and   CumulusMX   v 3.23.1 (b3221)   MXUI Template v 2.2.5 by  Silver Acorn     Valid HTML5

USA Weather Finder