NOAA-style Climate Reports

   V/Λ SELECT: Month and Year   OR  >   Month
                   Monthly Climatological Summary for Nov 2012

Name: OFallon Weather   City: OFallon   State: MO
Elevation: 532 ft  Lat: N 38° 50' 20"   Lon: W 090° 43' 42"

                  Temperature (°F), Rain (in), Wind Speed (mph)

                                      Heat  Cool        Avg
    Mean                              Deg   Deg         Wind                 Dom
Day Temp  High   Time   Low    Time   Days  Days  Rain  Speed High   Time    Dir
----------------------------------------------------------------------------------
01  49.6  63.8   17:04  38.2   07:36  15.4   0.0  0.00   2.0  12.0   14:07   WSW
02  46.6  54.9   16:36  37.8   07:51  18.4   0.0  0.00   2.9  13.0   11:50   ENE
03  44.9  50.2   15:54  37.9   23:56  20.1   0.0  0.00   4.1  14.0   09:22   ENE
04  39.9  48.6   15:35  29.6   06:30  26.2   0.0  0.01   0.9   8.0   09:43   ENE
05  41.6  42.9   14:11  40.3   22:51  23.5   0.0  0.17   2.8  14.0   09:42   ESE
06  43.7  47.6   23:06  40.5   00:00  21.3   0.0  0.01   2.4  14.0   15:17   WSW
07  44.4  47.7   14:29  36.4   23:12  20.6   0.0  0.00   2.8  19.0   05:21   NNW
08  44.9  58.8   15:25  29.9   06:35  20.1   0.0  0.01   2.3  15.0   14:56   SSE
09  58.7  72.2   14:47  43.0   03:24   7.8   1.5  0.00   4.7  24.0   22:07     S
10  65.7  66.9   20:09   0.0   20:09   0.0   0.2  0.00   9.0  26.0   23:44   SSE
----------------------------------------------------------------------------------
    44.9  72.2     9     0.0    10   608.9   3.1  2.01   3.7  37.0    11     SSE

Max >=  90.0  0
Max <=  32.0  0
Min <=  32.0 15
Min <=   0.0  1
Max Rain: 0.86 on day 11
Days of Rain: 8 (>= 0.01 in)  3 (>= 0.10 in)  0 (>= 1.00 in)
Heat Base: 65.0  Cool Base: 65.0  Method: Integration

Powered by Davis Vantage Pro2  and   CumulusMX   v 3.23.1 (b3221)   MXUI Template v 2.2.5 by  Silver Acorn     Valid HTML5

USA Weather Finder