NOAA-style Climate Reports

   V/Λ SELECT: Month and Year   OR  >   Month
                   Monthly Climatological Summary for Aug 2012

Name: OFallon Weather   City: OFallon   State: MO
Elevation: 532 ft  Lat: N 38° 50' 20"   Lon: W 090° 43' 42"

                  Temperature (°F), Rain (in), Wind Speed (mph)

                                      Heat  Cool        Avg
    Mean                              Deg   Deg         Wind                 Dom
Day Temp  High   Time   Low    Time   Days  Days  Rain  Speed High   Time    Dir
----------------------------------------------------------------------------------
01  85.3  97.9   16:31  73.1   06:24   0.0  20.3  0.00   1.9  14.0   10:42   ENE
02  81.2  94.5   12:34  70.5   06:10   0.0  16.2  0.00   2.4  19.0   15:45   SSW
03  83.7  95.0   15:38  71.8   06:16   0.0  18.7  0.00   2.4  14.0   22:28     E
04  84.2  96.9   16:30  72.9   06:18   0.0  19.2  0.70   4.7  41.0   22:19   SSW
05  79.1  89.3   16:59  70.9   00:32   0.0  14.1  0.39   2.8  39.0   00:10   NNE
06  78.7  91.4   17:41  64.8   06:26   0.0  13.7  0.00   1.4  10.0   14:04    NE
07  82.4  97.3   17:35  64.9   06:21   0.0  17.4  0.00   1.2  12.0   14:00   SSE
08  81.4  93.1   13:04  68.1   22:17   0.0  16.4  0.90   3.4  34.0   22:02   NNW
09  77.9  91.1   16:51  67.0   04:53   0.0  12.9  0.02   1.5  20.0   20:23    NW
10  70.8  77.5   17:29  65.0   07:31   0.0   5.8  0.00   3.6  20.0   14:31     N
11  71.0  84.2   16:37  58.0   06:33   1.5   7.5  0.00   1.6  13.0   11:42    NW
12  71.1  83.7   17:10  60.2   03:17   0.9   7.0  0.02   2.1  15.0   21:55   SSE
13  72.0  79.0   12:16  65.5   05:59   0.0   7.0  0.00   3.2  17.0   15:59   NNW
14  70.5  78.2   15:27  60.0   06:33   0.7   6.2  0.00   1.7   9.0   08:39     W
15  75.8  90.8   17:27  58.7   05:33   1.0  11.8  0.00   2.1  15.0   15:05     S
16  79.8  94.0   13:36  68.7   23:59   0.0  14.8  0.01   4.9  22.0   15:28    SW
17  69.8  80.7   17:16  58.5   06:42   0.8   5.6  0.00   1.7  12.0   09:29   NNE
18  69.5  82.0   15:42  54.3   06:21   2.3   6.8  0.00   1.2  11.0   14:19   ESE
19  71.3  81.2   16:12  63.3   07:34   0.2   6.5  0.00   1.8  15.0   16:38   NNE
20  69.8  82.8   15:24  56.3   06:48   2.0   6.7  0.00   2.0  17.0   11:04   NNW
21  72.9  87.8   16:12  57.9   05:58   1.4   9.2  0.00   1.6  13.0   15:02   NNE
22  77.4  93.4   16:16  60.2   05:49   0.7  13.1  0.00   1.5  11.0   12:33   ESE
23  81.6  96.7   14:29  62.9   06:50   0.1  16.7  0.00   1.9  15.0   14:04     S
24  80.4  91.3   16:00  66.7   05:35   0.0  15.4  0.00   2.9  19.0   15:59     S
25  78.2  88.6   12:35  67.3   06:46   0.0  13.2  0.02   4.4  22.0   12:07     S
26  76.1  86.2   14:08  72.4   06:15   0.0  11.1  0.65   4.1  22.0   14:30     S
27  77.6  88.3   16:59  71.0   07:22   0.0  12.6  0.00   2.6  15.0   11:52     N
28  78.0  91.4   16:29  63.0   05:30   0.2  13.2  0.00   1.2  14.0   15:44   NNE
29  78.1  90.5   15:50  64.2   06:36   0.0  13.1  0.00   1.7  13.0   13:12   ESE
30  80.6  95.3   16:00  64.5   06:49   0.0  15.6  0.00   1.8  14.0   12:50    SE
31  74.6  77.3   15:54  72.5   04:00   0.0   9.6  1.93   2.4  15.0   17:30   ESE
----------------------------------------------------------------------------------
    76.8  97.9     1    54.3    18    11.8 377.4  4.64   2.4  41.0     4      SE

Max >=  90.0 16
Max <=  32.0  0
Min <=  32.0  0
Min <=   0.0  0
Max Rain: 1.93 on day 31
Days of Rain: 9 (>= 0.01 in)  5 (>= 0.10 in)  1 (>= 1.00 in)
Heat Base: 65.0  Cool Base: 65.0  Method: Integration

Powered by Davis Vantage Pro2  and   CumulusMX   v 3.23.1 (b3221)   MXUI Template v 2.2.5 by  Silver Acorn     Valid HTML5

USA Weather Finder