NOAA-style Climate Reports

   V/Λ SELECT: Month and Year   OR  >   Month
                   Monthly Climatological Summary for Jun 2012

Name: OFallon Weather   City: OFallon   State: MO
Elevation: 532 ft  Lat: N 38° 50' 20"   Lon: W 090° 43' 42"

                  Temperature (°F), Rain (in), Wind Speed (mph)

                                      Heat  Cool        Avg
    Mean                              Deg   Deg         Wind                 Dom
Day Temp  High   Time   Low    Time   Days  Days  Rain  Speed High   Time    Dir
----------------------------------------------------------------------------------
01  57.8  68.3   17:27  46.3   06:00   7.7   0.5  0.00   4.2  21.0   12:28    NW
02  65.4  79.2   18:34  53.3   03:12   3.9   4.3  0.00   3.5  19.0   15:45   WSW
03  72.3  85.6   15:39  55.0   05:14   1.4   8.7  0.00   1.6  15.0   16:05   SSW
04  74.1  91.1   15:16  62.2   05:56   0.3   9.4  0.04   2.9  20.0   15:58     W
05  70.4  80.6   16:29  58.9   05:43   0.9   6.4  0.00   2.9  15.0   15:45    NE
06  68.2  77.0   16:00  57.1   04:47   1.6   4.7  0.00   2.0  15.0   13:49   ENE
07  69.7  80.3   15:15  55.3   05:11   2.2   6.9  0.00   1.2  12.0   13:32   ENE
08  73.4  86.4   16:46  56.3   05:55   1.5  10.0  0.00   1.3  15.0   12:54   SSE
09  77.9  89.9   16:57  58.7   05:32   0.6  13.4  0.00   4.2  19.0   14:49     S
10  78.5  86.2   16:34  69.2   05:39   0.0  13.5  0.00   5.2  21.0   15:20   SSE
11  72.3  77.0   18:18  69.1   04:55   0.0   7.3  0.18   3.4  21.0   12:07   SSW
12  71.5  80.8   16:01  62.1   23:59   0.2   6.7  0.00   3.2  16.0   15:22   NNW
13  68.8  81.1   16:18  53.2   05:48   2.6   6.4  0.00   1.9  14.0   14:27     E
14  74.7  88.4   16:09  56.7   06:12   1.6  11.3  0.00   2.5  14.0   13:00   SSE
15  78.5  91.6   17:30  62.5   05:25   0.2  13.8  0.00   3.9  19.0   15:48   SSE
16  83.0  94.0   16:18  68.7   23:55   0.0  18.0  0.98   6.1  41.0   21:22   SSW
17  78.1  88.1   17:16  68.4   02:26   0.0  13.1  0.00   3.4  16.0   00:03   SSW
18  83.3  91.9   16:17  74.3   06:22   0.0  18.3  0.00   7.4  26.0   14:47   SSW
19  83.0  90.3   16:17  75.2   05:47   0.0  18.0  0.00   7.8  29.0   15:08     S
20  83.8  93.0   16:03  74.0   05:51   0.0  18.8  0.00   6.8  21.0   09:36     S
21  78.8  84.0   13:02  69.1   23:58   0.0  13.8  0.00   4.4  20.0   10:03   WSW
22  74.3  84.2   15:37  62.9   04:51   0.2   9.6  0.00   1.8  14.0   13:41    NE
23  76.2  88.8   16:32  61.0   05:45   0.4  11.6  0.00   1.8  12.0   10:34    SE
24  82.7  98.1   17:23  66.1   05:22   0.0  17.8  0.00   2.0  13.0   13:16    SE
25  79.6  87.4   15:23  69.1   23:58   0.0  14.6  0.00   3.9  17.0   10:17   ENE
26  73.2  85.7   17:01  57.9   05:56   1.0   9.2  0.00   2.4  19.0   13:45     E
27  81.3  98.6   17:06  59.7   05:37   0.5  16.8  0.00   3.9  18.0   09:29     S
28  91.5 107.3   17:00  75.6   06:09   0.0  26.5  0.00   4.0  20.0   09:47   WSW
29  90.0 104.1   16:46  72.5   05:35   0.0  25.0  0.00   2.5  16.0   10:43     W
30  88.9 102.7   16:20  73.3   06:04   0.0  23.9  0.00   2.5  19.0   14:19    SW
----------------------------------------------------------------------------------
    76.7 107.3    28    46.3     1    26.8 378.3  1.20   3.5  41.0    16       S

Max >=  90.0 11
Max <=  32.0  0
Min <=  32.0  0
Min <=   0.0  0
Max Rain: 0.98 on day 16
Days of Rain: 3 (>= 0.01 in)  2 (>= 0.10 in)  0 (>= 1.00 in)
Heat Base: 65.0  Cool Base: 65.0  Method: Integration

Powered by Davis Vantage Pro2  and   CumulusMX   v 3.23.1 (b3221)   MXUI Template v 2.2.5 by  Silver Acorn     Valid HTML5

USA Weather Finder