NOAA-style Climate Reports

   V/Λ SELECT: Month and Year   OR  >   Month
                   Monthly Climatological Summary for Mar 2012

Name: OFallon Weather   City: OFallon   State: MO
Elevation: 532 ft  Lat: N 38° 50' 20"   Lon: W 090° 43' 42"

                  Temperature (°F), Rain (in), Wind Speed (mph)

                                      Heat  Cool        Avg
    Mean                              Deg   Deg         Wind                 Dom
Day Temp  High   Time   Low    Time   Days  Days  Rain  Speed High   Time    Dir
----------------------------------------------------------------------------------
01  50.9  66.0   16:55  34.3   07:01  14.2   0.0  0.00   4.1  20.0   15:18     S
02  44.7  55.0   01:03  37.1   20:02  20.3   0.0  0.39   6.2  35.0   14:20   WNW
03  37.1  43.1   14:46  31.0   23:53  27.9   0.0  0.00   7.0  26.0   09:09     W
04  35.2  43.2   14:54  25.5   06:22  29.8   0.0  0.00   2.9  19.0   23:53   WNW
05  38.5  50.2   16:32  26.4   06:43  26.5   0.0  0.00   5.2  22.0   22:52     S
06  60.0  72.8   13:08  43.7   00:42   7.0   1.9  0.00  11.3  41.0   13:28     S
07  64.8  69.7   13:14  59.3   07:01   1.7   1.5  0.00  11.5  37.0   12:01     S
08  44.0  67.0   00:00  36.5   23:53  21.0   0.0  0.14   5.6  25.0   04:54    NW
09  43.4  54.4   15:58  35.4   06:19  21.6   0.0  0.00   3.9  18.0   12:27   NNW
10  49.1  65.0   15:56  32.7   06:33  15.9   0.0  0.00   3.6  16.0   14:20   SSE
11  48.9  59.7   12:29  38.7   06:01  15.4   0.0  0.49   3.9  22.0   12:35   SSE
12  66.9  80.9   16:31  56.2   00:00   2.9   4.9  0.00   6.9  27.0   12:02   SSW
13  66.3  81.4   16:29  50.4   06:36   3.8   5.1  0.00   2.0  13.0   13:26     S
14  72.5  84.7   16:37  58.4   06:23   1.0   8.5  0.00   5.3  25.0   13:37   SSW
15  70.0  80.8   14:41  61.8   22:22   0.4   5.3  0.24   5.2  23.0   16:25   SSW
16  65.9  76.9   17:57  58.3   07:50   1.8   2.7  0.00   4.6  21.0   00:31     S
17  63.8  79.2   12:09  57.2   07:21   3.1   2.0  0.66   2.3  32.0   14:06     S
18  67.9  80.0   14:29  56.4   05:01   2.9   5.8  0.00   4.6  19.0   22:34     S
19  73.5  82.0   16:21  66.1   07:10   0.0   8.5  0.00   6.8  28.0   15:42   SSE
20  73.1  81.2   14:10  65.4   06:56   0.0   8.1  0.00   7.2  38.0   14:11   SSE
21  71.3  78.8   15:42  61.4   03:55   0.5   6.8  0.00   4.9  30.0   13:39   SSE
22  59.0  73.1   00:15  51.8   09:22   6.9   0.9  0.10   2.7  23.0   00:15   SSE
23  56.2  65.5   14:13  50.5   05:56   8.8   0.0  0.25   3.5  21.0   14:44    SW
24  60.2  72.0   15:50  51.6   04:03   5.9   1.1  0.00   3.9  19.0   18:01   WNW
25  64.2  75.3   16:37  54.5   06:26   3.5   2.7  0.01   1.9  15.0   13:02   NNW
26  62.1  70.5   15:14  53.6   06:56   3.9   1.0  0.00   3.9  18.0   17:26     E
27  67.8  82.7   17:34  53.8   07:13   3.7   6.5  0.00   5.2  21.0   15:55     S
28  71.2  80.3   16:57  64.0   07:36   0.0   6.2  0.00   2.3  14.0   02:28   WSW
29  62.4  69.1   13:57  55.8   03:41   3.5   0.8  0.08   2.6  13.0   02:19     E
30  67.9  80.3   15:22  55.2   02:28   1.9   4.9  0.00   4.0  19.0   10:55     W
31  62.1  76.3   17:00  49.7   07:09   5.5   2.6  0.00   2.1  11.0   03:03     E
----------------------------------------------------------------------------------
    59.4  84.7    14    25.5     4   261.3  87.8  2.36   4.7  41.0     6     SSW

Max >=  90.0  0
Max <=  32.0  0
Min <=  32.0  3
Min <=   0.0  0
Max Rain: 0.66 on day 17
Days of Rain: 9 (>= 0.01 in)  7 (>= 0.10 in)  0 (>= 1.00 in)
Heat Base: 65.0  Cool Base: 65.0  Method: Integration

Powered by Davis Vantage Pro2  and   CumulusMX   v 3.23.1 (b3221)   MXUI Template v 2.2.5 by  Silver Acorn     Valid HTML5

USA Weather Finder