NOAA-style Climate Reports

   V/Λ SELECT: Month and Year   OR  >   Month
                   Monthly Climatological Summary for Nov 2011

Name: OFallon Weather   City: OFallon   State: MO
Elevation: 532 ft  Lat: N 38° 50' 20"   Lon: W 090° 43' 42"

                  Temperature (°F), Rain (in), Wind Speed (mph)

                                      Heat  Cool        Avg
    Mean                              Deg   Deg         Wind                 Dom
Day Temp  High   Time   Low    Time   Days  Days  Rain  Speed High   Time    Dir
----------------------------------------------------------------------------------
01  59.9  75.2   16:16  43.8   04:27   7.5   2.3  0.00   5.3  23.0   14:05   SSE
02  62.8  74.5   14:56  53.5   03:52   4.5   2.3  0.00   6.5  29.0   21:17   WSW
03  48.5  62.3   00:02  44.7   16:06  15.1   0.0  0.80   5.9  25.0   12:09   NNW
04  47.4  56.0   16:03  39.8   08:09  17.6   0.0  0.00   2.0  12.0   05:30     E
05  48.4  58.3   15:41  37.4   07:16  16.6   0.0  0.01   3.4  20.0   11:39   SSE
06  58.9  65.8   12:56  51.7   01:59   6.1   0.0  0.35   7.5  29.0   09:58     W
07  58.1  61.8   16:04  53.4   00:34   6.9   0.0  0.83   1.8  11.0   22:11    SE
08  60.1  62.5   03:58  58.3   00:30   4.9   0.0  0.28   3.4  20.0   23:34   SSE
09  48.1  60.1   02:56  40.3   09:40  16.9   0.0  0.14   8.6  35.0   07:20     W
10  40.4  47.6   13:46  32.9   23:42  24.6   0.0  0.00   6.5  31.0   10:38     W
11  48.1  67.0   15:56  27.8   03:09  17.0   0.1  0.00   4.8  19.0   10:05    SW
12  56.8  63.8   12:43  46.8   07:33   8.2   0.0  0.00   8.4  30.0   22:26     S
13  66.8  76.7   14:20  59.8   23:59   1.2   3.1  0.00   8.5  38.0   10:31     S
14  64.2  76.4   12:13  53.3   07:01   3.8   2.9  0.00   5.6  32.0   11:28   WSW
15  56.3  64.7   14:27  49.0   07:01   8.7   0.0  0.00   3.8  17.0   11:56   NNW
16  42.4  50.9   00:01  37.1   23:57  22.6   0.0  0.00   5.3  23.0   01:54   WNW
17  38.8  47.3   15:18  30.5   06:51  26.2   0.0  0.00   3.0  18.0   12:06   SSE
18  46.1  57.9   15:20  31.7   06:43  18.9   0.0  0.00   7.3  30.0   14:18   SSE
19  58.0  63.4   12:11  48.8   00:01   7.0   0.0  0.00   9.1  31.0   10:27   NNW
20  41.3  59.8   00:01  36.2   07:10  23.7   0.0  0.04   3.6  17.0   00:06   NNW
21  43.5  45.5   14:11  41.6   00:57  21.5   0.0  0.00   2.0   8.0   00:16   ENE
22  45.1  47.3   12:20  43.3   23:58  19.9   0.0  0.90   5.2  19.0   08:55     W
23  44.2  46.1   12:28  42.7   01:38  20.8   0.0  0.00   3.5  14.0   00:46   SSE
24  49.6  61.9   15:20  42.1   07:59  15.4   0.0  0.00   5.4  16.0   21:05   SSE
25  53.8  67.9   14:49  39.9   05:38  11.4   0.3  0.00   7.7  26.0   13:05   SSE
26  54.9  64.5   12:26  40.1   23:43  10.1   0.0  0.29   7.6  27.0   17:13   NNW
27  38.0  40.3   00:28  35.3   21:11  27.0   0.0  0.01   5.7  21.0   02:05    NW
28  35.2  37.6   13:13  32.6   22:58  29.8   0.0  0.05   6.4  23.0   16:57   NNW
29  35.5  43.5   15:11  30.7   23:51  29.5   0.0  0.00   6.4  23.0   10:08     W
30  33.8  45.3   14:54  24.1   07:10  31.2   0.0  0.00   1.8  11.0   00:01     S
----------------------------------------------------------------------------------
    49.5  76.7    13    24.1    30   474.6  11.0  3.70   5.4  38.0    13     WSW

Max >=  90.0  0
Max <=  32.0  0
Min <=  32.0  5
Min <=   0.0  0
Max Rain: 0.90 on day 22
Days of Rain: 11 (>= 0.01 in)  7 (>= 0.10 in)  0 (>= 1.00 in)
Heat Base: 65.0  Cool Base: 65.0  Method: Integration

Powered by Davis Vantage Pro2  and   CumulusMX   v 3.23.1 (b3221)   MXUI Template v 2.2.5 by  Silver Acorn     Valid HTML5

USA Weather Finder