NOAA-style Climate Reports

   V/Λ SELECT: Month and Year   OR  >   Month
                   Monthly Climatological Summary for Oct 2011

Name: OFallon Weather   City: OFallon   State: MO
Elevation: 532 ft  Lat: N 38° 50' 20"   Lon: W 090° 43' 42"

                  Temperature (°F), Rain (in), Wind Speed (mph)

                                      Heat  Cool        Avg
    Mean                              Deg   Deg         Wind                 Dom
Day Temp  High   Time   Low    Time   Days  Days  Rain  Speed High   Time    Dir
----------------------------------------------------------------------------------
01  53.6  64.7   17:07  42.1   07:10  11.4   0.0  0.00   2.0  15.0   15:59   NNE
02  53.8  71.2   17:20  38.0   06:22  11.2   0.0  0.00   0.7   8.0   12:01     N
03  59.8  78.3   17:14  41.4   06:25   5.2   0.0  0.00   1.1   9.0   10:15     W
04  63.2  80.5   16:05  45.4   07:18   1.8   0.0  0.00   1.2  12.0   13:48     S
05  66.1  80.7   15:18  48.2   07:19   0.1   0.1  0.00   2.0  14.0   11:59   SSE
06  68.9  82.5   15:51  51.6   06:59   2.8   6.7  0.00   2.6  16.0   14:00   SSE
07  71.8  84.7   15:12  56.9   07:31   0.9   7.8  0.00   4.3  21.0   14:41   SSE
08  69.7  82.3   15:55  56.6   06:56   1.3   6.0  0.00   2.6  17.0   10:53   SSE
09  67.5  80.5   15:52  54.2   07:16   2.6   5.1  0.00   1.8  17.0   12:36    SE
10  66.2  79.4   16:09  52.5   07:02   3.6   4.8  0.00   1.9  15.0   10:52     S
11  68.0  80.1   15:39  57.0   05:43   2.3   5.3  0.00   1.1  11.0   13:55   SSE
12  64.6  69.1   11:11  60.5   06:44   1.3   0.9  0.39   2.1  14.0   10:46     S
13  63.9  73.5   15:27  58.1   09:00   2.9   1.8  0.02   6.0  25.0   14:24   WNW
14  60.2  69.8   14:38  53.5   07:10   5.3   0.6  0.00   6.8  30.0   12:39     W
15  57.9  70.9   16:41  46.9   07:22   7.9   0.8  0.00   4.4  17.0   11:57     W
16  65.8  79.8   13:40  50.1   23:58   2.6   3.4  0.00   5.9  26.0   12:05     W
17  49.8  59.6   12:58  34.7   14:42  15.2   0.0  0.45   1.8  15.0   21:38     N
18  48.0  53.5   13:41  45.1   00:00  17.0   0.0  0.31   3.6  19.0   13:54    NW
19  46.3  49.3   13:06  43.6   07:31  18.7   0.0  0.01   6.4  26.0   15:03    NW
20  46.9  54.1   16:46  39.7   07:35  18.1   0.0  0.00   7.6  26.0   12:31   WNW
21  48.6  61.7   16:26  36.0   06:55  16.3   0.0  0.00   3.0  16.0   11:52     W
22  54.9  72.6   15:17  37.6   06:25  11.3   1.3  0.00   1.1  10.0   09:25    SW
23  62.3  75.6   15:53  51.5   07:47   5.4   2.6  0.00   2.3  14.0   14:21   SSW
24  62.7  73.8   16:26  53.4   07:40   3.8   1.5  0.00   2.5  14.0   02:48    SW
25  69.0  82.5   15:54  52.4   02:28   3.0   7.1  0.00   7.6  34.0   11:06   SSW
26  55.7  72.8   00:00  47.0   23:47  10.4   1.0  0.15   4.1  18.0   00:13    NW
27  48.7  55.3   14:40  43.1   23:16  16.3   0.0  0.00   2.7  13.0   12:06     N
28  47.3  58.4   14:40  34.5   07:51  17.7   0.0  0.00   1.7  15.0   15:09    NW
29  49.4  61.5   15:03  36.7   07:21  15.6   0.0  0.00   2.6  17.0   14:23     W
30  54.3  63.0   15:47  48.2   07:22  10.7   0.0  0.00   5.9  25.0   12:06   SSW
31  50.3  63.5   17:00  40.7   07:57  14.7   0.0  0.00   3.2  16.0   11:34     W
----------------------------------------------------------------------------------
    58.6  84.7     7    34.5    28   257.4  56.8  1.33   3.3  34.0    25     WSW

Max >=  90.0  0
Max <=  32.0  0
Min <=  32.0  0
Min <=   0.0  0
Max Rain: 0.45 on day 17
Days of Rain: 6 (>= 0.01 in)  4 (>= 0.10 in)  0 (>= 1.00 in)
Heat Base: 65.0  Cool Base: 65.0  Method: Integration

Powered by Davis Vantage Pro2  and   CumulusMX   v 3.23.1 (b3221)   MXUI Template v 2.2.5 by  Silver Acorn     Valid HTML5

USA Weather Finder