NOAA-style Climate Reports

   V/Λ SELECT: Month and Year   OR  >   Month
                   Monthly Climatological Summary for Aug 2011

Name: OFallon Weather   City: OFallon   State: MO
Elevation: 532 ft  Lat: N 38° 50' 20"   Lon: W 090° 43' 42"

                  Temperature (°F), Rain (in), Wind Speed (mph)

                                      Heat  Cool        Avg
    Mean                              Deg   Deg         Wind                 Dom
Day Temp  High   Time   Low    Time   Days  Days  Rain  Speed High   Time    Dir
----------------------------------------------------------------------------------
01  86.6  99.4   17:08  74.8   05:41   0.0  21.6  0.00   1.1  10.0   12:08   SSE
02  89.8 103.1   16:55  75.8   06:31   0.0  24.8  0.00   4.1  17.0   11:31     S
03  86.6  93.0   16:04  79.9   23:55   0.0  21.6  0.00   2.7  15.0   00:19     N
04  81.5  89.7   14:18  73.2   06:04   0.0  16.5  0.00   1.9  13.0   13:39   SSE
05  77.1  85.1   12:06  74.0   06:29   0.0  12.1  0.06   1.1  11.0   12:13   SSE
06  82.3  92.5   13:39  73.6   01:15   0.0  17.3  0.00   2.4  17.0   05:19   SSW
07  85.2  95.6   15:16  76.8   04:57   0.0  20.2  0.00   2.4  17.0   14:51     W
08  79.0  88.1   13:21  71.7   05:28   0.0  14.0  0.00   4.1  23.0   15:52   WSW
09  80.0  92.5   16:41  68.4   06:12   0.0  15.0  0.00   2.4  13.0   15:20   WNW
10  71.7  77.3   11:34  66.7   23:57   0.0   6.7  0.01   1.2   9.0   12:47     N
11  72.5  82.5   16:40  62.0   05:35   0.0   7.5  0.00   1.1  12.0   16:19    NE
12  72.6  87.6   14:23  62.0   06:11   0.0   7.6  0.08   2.7  20.0   11:03     S
13  76.6  89.3   16:31  67.1   03:26   0.0  11.6  0.00   2.8  16.0   16:38   WNW
14  72.8  82.6   15:03  63.0   06:26   0.0   7.8  0.00   3.2  16.0   08:56     N
15  70.7  81.1   15:39  60.4   06:23   0.0   5.7  0.00   0.6  10.0   17:10     E
16  70.7  79.7   12:47  60.2   05:34   0.0   5.7  0.01   1.7  14.0   09:28     S
17  77.7  87.3   14:39  69.9   06:50   0.0  12.7  0.00   1.3  12.0   10:26     N
18  79.0  91.6   15:01  67.4   06:32   0.0  14.0  0.00   1.1  10.0   15:31   NNE
19  80.5  92.2   15:56  70.3   07:29   0.0  15.5  0.12   1.8  23.0   05:10   WSW
20  78.0  88.8   15:04  69.7   09:23   0.0  13.0  0.10   2.0  23.0   09:30     W
21  78.6  89.4   14:57  68.6   06:12   0.0  13.6  0.00   1.4  13.0   13:30     N
22  78.0  88.0   17:04  68.8   06:27   0.0  13.0  0.00   1.4  13.0   13:30    SE
23  83.6  95.9   15:49  72.3   06:18   0.0  18.6  0.00   5.0  21.0   11:49   SSW
24  87.4  97.0   14:30  78.1   06:19   0.0  22.4  0.00   5.9  24.0   10:57    SW
25  76.7  86.0   17:01  63.9   06:43   0.0  11.7  0.00   2.5  16.0   00:38     N
26  76.0  88.8   16:37  62.8   06:37   0.0  11.0  0.00   1.0  11.0   12:49   NNE
27  78.6  91.1   16:50  67.4   05:46   0.0  13.6  0.00   2.5  16.0   17:25   NNE
28  74.1  84.0   14:41  63.7   06:38   0.0   9.1  0.00   1.3  13.0   15:49    NE
29  74.4  85.4   17:24  63.9   06:04   0.0   9.4  0.00   1.4  14.0   15:55   ENE
30  77.0  90.8   15:30  62.2   06:32   0.0  12.0  0.00   3.3  19.0   12:22   SSE
31  85.6 100.5   15:55  69.1   06:53   0.0  20.6  0.00   4.1  18.0   10:22   SSW
----------------------------------------------------------------------------------
    78.7 103.1     2    60.2    16     0.0 425.9  0.38   2.3  24.0    24      SW

Max >=  90.0 13
Max <=  32.0  0
Min <=  32.0  0
Min <=   0.0  0
Max Rain: 0.12 on day 19
Days of Rain: 6 (>= 0.01 in)  2 (>= 0.10 in)  0 (>= 1.00 in)
Heat Base: 65.0  Cool Base: 65.0  Method: Integration

Powered by Davis Vantage Pro2  and   CumulusMX   v 3.23.1 (b3221)   MXUI Template v 2.2.5 by  Silver Acorn     Valid HTML5

USA Weather Finder