NOAA-style Climate Reports

   V/Λ SELECT: Month and Year   OR  >   Month
                   Monthly Climatological Summary for Jul 2011

Name: OFallon Weather   City: OFallon   State: MO
Elevation: 532 ft  Lat: N 38° 50' 20"   Lon: W 090° 43' 42"

                  Temperature (°F), Rain (in), Wind Speed (mph)

                                      Heat  Cool        Avg
    Mean                              Deg   Deg         Wind                 Dom
Day Temp  High   Time   Low    Time   Days  Days  Rain  Speed High   Time    Dir
----------------------------------------------------------------------------------
01  83.6  92.6   17:14  74.0   05:48   0.0  18.6  0.00   3.7  14.0   10:47     S
02  85.8  97.5   15:49  73.0   06:13   0.0  20.8  0.00   2.4  11.0   08:12    SW
03  76.7  86.5   13:37  66.5   16:37   0.0  11.7  0.65   2.5  48.0   16:24   NNW
04  73.6  83.2   17:30  67.7   02:09   0.0   8.6  0.27   1.1   9.0   00:33     N
05  77.4  85.5   15:48  68.2   05:51   0.0  12.4  0.00   1.2  10.0   10:03   ENE
06  79.3  88.5   15:54  68.7   04:03   0.0  14.3  0.00   0.8   9.0   12:23    NE
07  75.1  83.5   14:11  68.7   23:13   0.0  10.1  0.43   1.3  10.0   20:22     S
08  75.2  84.5   15:54  66.1   05:47   0.0  10.2  0.00   2.1  12.0   13:11   NNE
09  78.6  88.8   14:59  65.7   05:55   0.0  13.6  0.00   2.3  15.0   11:40   SSE
10  84.6  95.3   17:22  71.3   05:51   0.0  19.6  0.00   3.5  14.0   08:23     S
11  88.6  96.3   16:32  81.5   04:52   0.0  23.6  0.00   3.4  15.0   16:51    SW
12  83.7  98.0   13:40  73.5   23:34   0.0  18.7  0.01   1.7  30.0   17:37    NE
13  78.0  86.5   14:34  72.2   05:59   0.0  13.0  0.01   2.4  14.0   19:29    NE
14  77.3  86.6   15:57  67.0   06:09   0.0  12.3  0.00   1.9  13.0   13:53   ENE
15  79.6  87.4   14:27  70.5   06:01   0.0  14.6  0.00   1.4  11.0   12:25   ENE
16  80.4  89.4   15:23  70.4   03:38   0.0  15.4  0.00   1.0  11.0   16:38     E
17  84.1  94.1   16:13  74.7   02:42   0.0  19.1  0.00   2.4  10.0   11:56   SSW
18  85.4  95.2   15:42  75.0   06:09   0.0  20.4  0.00   2.7  12.0   10:05   SSW
19  87.5  97.1   15:13  78.0   06:02   0.0  22.5  0.00   2.9  13.0   09:57   WSW
20  88.3  97.7   16:49  79.0   06:08   0.0  23.3  0.00   3.2  17.0   14:30    SW
21  90.0 101.4   16:11  79.6   06:04   0.0  25.0  0.00   3.5  12.0   07:12    SW
22  89.6  99.3   15:39  80.4   06:15   0.0  24.6  0.00   3.4  15.0   18:44     S
23  89.1  98.7   15:15  79.5   06:01   0.0  24.1  0.00   3.8  14.0   10:23     S
24  82.3  88.0   14:03  74.8   23:56   0.0  17.3  0.00   2.6  17.0   15:38   ENE
25  82.2  93.6   15:07  70.8   06:06   0.0  17.2  0.00   0.7   8.0   15:52   NNE
26  86.6  96.7   18:10  74.9   04:53   0.0  21.6  0.00   1.7  11.0   18:32   SSE
27  87.4  98.0   15:40  76.5   06:17   0.0  22.4  0.00   5.6  21.0   17:37     S
28  89.1  99.7   16:47  79.3   06:03   0.0  24.1  0.00   6.1  18.0   13:41   SSW
29  85.4  93.3   15:16  77.8   05:12   0.0  20.4  0.00   2.6  13.0   00:07     W
30  79.8  87.5   17:53  73.3   12:10   0.0  14.8  0.60   0.7  24.0   10:45   ENE
31  83.9  93.0   17:01  74.7   06:27   0.0  18.9  0.00   1.0  10.0   12:10   ENE
----------------------------------------------------------------------------------
    82.8 101.4    21    65.7     9     0.0 553.2  1.97   2.4  48.0     3       S

Max >=  90.0 18
Max <=  32.0  0
Min <=  32.0  0
Min <=   0.0  0
Max Rain: 0.65 on day 3
Days of Rain: 6 (>= 0.01 in)  4 (>= 0.10 in)  0 (>= 1.00 in)
Heat Base: 65.0  Cool Base: 65.0  Method: Integration

Powered by Davis Vantage Pro2  and   CumulusMX   v 3.23.1 (b3221)   MXUI Template v 2.2.5 by  Silver Acorn     Valid HTML5

USA Weather Finder