NOAA-style Climate Reports

   V/Λ SELECT: Month and Year   OR  >   Month
                   Monthly Climatological Summary for Nov 2010

Name: OFallon Weather   City: OFallon   State: MO
Elevation: 532 ft  Lat: N 38° 50' 20"   Lon: W 090° 43' 42"

                  Temperature (°F), Rain (in), Wind Speed (mph)

                                      Heat  Cool        Avg
    Mean                              Deg   Deg         Wind                 Dom
Day Temp  High   Time   Low    Time   Days  Days  Rain  Speed High   Time    Dir
----------------------------------------------------------------------------------
01  48.4  57.6   16:01  41.1   06:59  16.6   0.0  0.00   3.9  15.0   11:42     E
02  46.4  56.6   16:10  37.8   07:44  18.6   0.0  0.00   2.6  14.0   13:20    NE
03  47.6  64.1   15:46  29.7   07:29  17.4   0.0  0.00   2.7  19.0   15:36   WNW
04  46.6  54.6   14:53  39.5   23:57  18.4   0.0  0.00   6.2  26.0   16:31    NW
05  38.4  46.4   16:26  29.7   07:41  26.6   0.0  0.00   4.2  21.0   11:44    NW
06  39.5  53.1   15:56  26.3   07:47  25.5   0.0  0.00   1.4  12.0   21:47     S
07  53.0  71.5   15:27  33.7   06:58  12.0   0.0  0.00   4.0  17.0   11:50   SSW
08  58.8  74.7   14:42  39.4   06:59   6.2   0.0  0.00   3.0  19.0   09:48   SSW
09  59.8  75.5   15:20  42.7   06:54   5.2   0.0  0.00   2.4  17.0   14:05     S
10  61.5  75.1   14:35  45.6   06:54   3.5   0.0  0.00   4.1  22.0   11:54     S
11  57.8  70.1   14:15  47.3   23:46   7.2   0.0  0.00   1.6  14.0   18:20     N
12  59.3  72.9   14:30  42.3   07:06   5.7   0.0  0.00   2.8  19.0   11:32   SSE
13  47.5  66.2   00:00  37.4   23:56  17.5   0.0  0.01   8.1  26.0   06:19   WSW
14  42.9  53.5   15:14  32.6   06:49  22.1   0.0  0.00   4.4  18.0   13:53    SW
15  47.8  58.8   15:20  40.1   23:43  17.2   0.0  0.00   3.1  14.0   11:41     S
16  44.6  54.9   15:59  37.8   01:50  20.4   0.0  0.00   1.5  12.0   15:38   WNW
17  42.0  52.6   13:39  32.3   07:32  23.0   0.0  0.20   2.7  14.0   17:33     N
18  38.2  41.2   10:44  29.5   23:56  26.8   0.0  0.02   1.7  11.0   13:28    NW
19  45.1  59.8   14:40  29.2   00:30  19.9   0.0  0.00   4.4  19.0   09:12     S
20  46.4  57.8   14:26  36.1   06:34  18.6   0.0  0.00   2.9  14.0   14:07    SE
21  57.2  64.7   12:11  43.5   00:25   7.8   0.0  0.00   6.8  29.0   18:12     S
22  62.9  74.0   11:38  40.5   23:56   2.1   0.0  0.71   9.1  33.0   13:05   SSW
23  36.6  42.2   13:56  31.2   07:03  28.4   0.0  0.00   3.1  14.0   01:28     N
24  38.0  48.4   23:13  33.6   00:00  27.0   0.0  2.55   5.9  30.0   06:18   ESE
25  34.5  46.0   00:00  24.8   23:04  30.5   0.0  0.44   5.1  19.0   07:09    NW
26  32.9  44.8   15:35  22.3   06:49  32.1   0.0  0.01   5.2  22.0   13:55     W
27  37.6  47.7   15:27  30.2   06:29  27.4   0.0  0.00   2.9  15.0   11:48   WNW
28  41.9  55.0   13:30  30.1   01:54  23.1   0.0  0.00   4.8  25.0   12:23    SE
29  46.3  49.6   12:03  39.2   01:38  18.7   0.0  0.56   6.1  28.0   12:32   SSE
30  30.9  41.5   00:00  27.1   23:39  34.1   0.0  0.00   9.0  24.0   00:36     W
----------------------------------------------------------------------------------
    46.3  75.5     9    22.3    26   559.6   0.0  4.50   4.2  33.0    22      SW

Max >=  90.0  0
Max <=  32.0  0
Min <=  32.0 11
Min <=   0.0  0
Max Rain: 2.55 on day 24
Days of Rain: 8 (>= 0.01 in)  5 (>= 0.10 in)  1 (>= 1.00 in)
Heat Base: 65.0  Cool Base: 65.0  Method: Integration

Powered by Davis Vantage Pro2  and   CumulusMX   v 3.23.1 (b3221)   MXUI Template v 2.2.5 by  Silver Acorn     Valid HTML5

USA Weather Finder