NOAA-style Climate Reports

   V/Λ SELECT: Month and Year   OR  >   Month
                   Monthly Climatological Summary for Jul 2010

Name: OFallon Weather   City: OFallon   State: MO
Elevation: 532 ft  Lat: N 38° 50' 20"   Lon: W 090° 43' 42"

                  Temperature (°F), Rain (in), Wind Speed (mph)

                                      Heat  Cool        Avg
    Mean                              Deg   Deg         Wind                 Dom
Day Temp  High   Time   Low    Time   Days  Days  Rain  Speed High   Time    Dir
----------------------------------------------------------------------------------
01  70.6  79.8   16:17  59.4   05:53   0.0   5.6  0.00   2.0  14.0   12:02   ENE
02  72.3  84.4   17:25  58.1   05:37   0.0   7.3  0.00   1.8  16.0   10:22   SSE
03  76.8  90.5   18:17  59.0   05:31   0.0  11.8  0.00   1.5  13.0   10:38   SSW
04  77.7  86.3   16:16  71.5   05:24   0.0  12.7  0.20   3.3  29.0   17:29     S
05  82.1  89.7   17:55  74.9   05:48   0.0  17.1  0.00   6.8  20.0   09:26     S
06  81.6  88.8   13:44  76.8   23:59   0.0  16.6  0.00   3.8  17.0   15:57   SSW
07  78.8  90.1   14:46  72.1   05:31   0.0  13.8  0.17   1.4  25.0   15:57     S
08  76.9  85.8   15:24  71.2   22:56   0.0  11.9  1.42   1.0  15.0   20:40     N
09  76.4  84.3   14:17  71.2   23:54   0.0  11.4  0.03   2.2  15.0   18:20     N
10  76.3  85.9   15:26  65.4   05:00   0.0  11.3  0.00   1.0   8.0   13:22   NNE
11  76.0  82.8   13:39  68.8   04:22   0.0  11.0  0.04   1.8  17.0   16:30   SSW
12  76.3  86.3   16:23  67.7   06:14   0.0  11.3  0.35   1.7  28.0   21:58    SE
13  78.5  90.8   17:27  67.4   06:21   0.0  13.5  0.39   1.0  17.0   00:30   SSW
14  84.8  94.9   16:47  74.4   03:12   0.0  19.8  0.00   2.7  14.0   13:00     S
15  84.2  91.2   16:50  77.6   23:59   0.0  19.2  0.00   3.2  13.0   10:56   WSW
16  79.4  87.2   15:57  70.5   05:58   0.0  14.4  0.00   1.0   8.0   10:53    NE
17  83.3  93.1   16:36  72.4   06:00   0.0  18.3  0.00   1.9  13.0   00:51   SSW
18  79.7  89.2   16:51  68.5   09:08   0.0  14.7  0.63   3.8  38.0   08:19    SW
19  78.9  86.0   17:17  70.1   13:20   0.0  13.9  0.06   2.6  28.0   12:39     S
20  77.3  90.3   17:41  68.8   02:54   0.0  12.3  1.51   3.8  26.0   01:33   SSW
21  79.0  91.4   14:11  70.9   06:14   0.0  14.0  0.00   1.4  17.0   17:36    SW
22  83.1  92.9   16:41  71.9   03:15   0.0  18.1  0.00   4.2  21.0   12:58     N
23  86.0  93.8   17:27  78.1   05:57   0.0  21.0  0.00   5.6  23.0   09:48     N
24  84.3  94.3   16:03  70.3   21:30   0.0  19.3  0.89   4.9  29.0   20:46     N
25  77.5  85.4   16:11  70.8   02:31   0.0  12.5  0.01   1.5  10.0   00:35     N
26  78.8  87.9   13:37  72.3   06:03   0.0  13.8  0.00   1.0  10.0   11:00     N
27  80.6  89.6   16:11  72.5   05:55   0.0  15.6  0.00   1.7  13.0   10:10     N
28  83.2  90.8   17:54  76.1   06:07   0.0  18.2  0.00   2.9  16.0   13:33     N
29  79.4  86.9   16:37  73.1   06:22   0.0  14.4  0.00   1.8  10.0   00:00     N
30  75.7  80.8   12:54  72.0   03:44   0.0  10.7  0.27   1.1  14.0   20:00     N
31  76.9  84.9   17:10  70.6   05:55   0.0  11.9  0.01   2.1  17.0   15:26     N
----------------------------------------------------------------------------------
    79.1  94.9    14    58.1     2     0.0 437.4  5.98   2.5  38.0    18     SSW

Max >=  90.0 12
Max <=  32.0  0
Min <=  32.0  0
Min <=   0.0  0
Max Rain: 1.51 on day 20
Days of Rain: 14 (>= 0.01 in)  9 (>= 0.10 in)  2 (>= 1.00 in)
Heat Base: 65.0  Cool Base: 65.0  Method: Integration

Powered by Davis Vantage Pro2  and   CumulusMX   v 3.23.1 (b3221)   MXUI Template v 2.2.5 by  Silver Acorn     Valid HTML5

USA Weather Finder